{"id":551,"date":"2022-09-22T14:42:52","date_gmt":"2022-09-22T12:42:52","guid":{"rendered":"https:\/\/www.montpellier2028.eu\/?post_type=project&#038;p=551"},"modified":"2023-02-14T17:59:37","modified_gmt":"2023-02-14T16:59:37","slug":"lhymne-europeen-de-la-jeunesse-du-bassin-de-vie-montpellier-2028","status":"publish","type":"project","link":"https:\/\/www.montpellier2028.eu\/en\/projets\/lhymne-europeen-de-la-jeunesse-du-bassin-de-vie-montpellier-2028\/","title":{"rendered":"L\u2019hymne europ\u00e9en de la jeunesse du bassin de vie Montpellier 2028"},"content":{"rendered":"\n<p>La fanfare Les Loustics du Pic, ce sont trente jeunes musiciennes et musiciens de 7 \u00e0 18 ans r\u00e9unis pour vous faire danser, vibrer et pour progresser en s\u2019amusant. Les Loustics composeront un hymne europ\u00e9en de la jeunesse du bassin de vie Montpellier-S\u00e8te. Cet hymne repr\u00e9sentera leur vision de leur territoire, et de l\u2019Europe. Le groupe sera accompagn\u00e9 dans ce processus de cr\u00e9ation par deux artistes europ\u00e9ens. <\/p>\n\n\n\n<p>Vous pourrez d\u00e9couvrir cet hymne europ\u00e9en de la jeunesse \u00e0 l\u2019occasion d\u2019un concert de restitution ouvert \u00e0 toutes et tous.<\/p>\n","protected":false},"excerpt":{"rendered":"<p>La fanfare Les Loustics du Pic, ce sont trente jeunes musiciennes et musiciens de 7 \u00e0 18 ans r\u00e9unis pour [&hellip;]<\/p>\n","protected":false},"author":2,"featured_media":554,"parent":0,"template":"","format":"standard","meta":{"_acf_changed":false,"footnotes":""},"projectcat":[9],"audience":[13],"geozone":[],"edition":[66],"class_list":["post-551","project","type-project","status-publish","format-standard","has-post-thumbnail","hentry","projectcat-musique","audience-tout-public","edition-66"],"acf":[],"yoast_head":"<!-- This site is optimized with the Yoast SEO plugin v24.8 - https:\/\/yoast.com\/wordpress\/plugins\/seo\/ -->\n<title>L\u2019hymne europ\u00e9en de la jeunesse du bassin de vie Montpellier 2028 - Montpellier 2028<\/title>\n<meta name=\"robots\" content=\"index, follow, max-snippet:-1, max-image-preview:large, max-video-preview:-1\" \/>\n<link rel=\"canonical\" href=\"https:\/\/www.montpellier2028.eu\/en\/projets\/lhymne-europeen-de-la-jeunesse-du-bassin-de-vie-montpellier-2028\/\" \/>\n<meta property=\"og:locale\" content=\"en_US\" \/>\n<meta property=\"og:type\" content=\"article\" \/>\n<meta property=\"og:title\" content=\"L\u2019hymne europ\u00e9en de la jeunesse du bassin de vie Montpellier 2028 - Montpellier 2028\" \/>\n<meta property=\"og:description\" content=\"La fanfare Les Loustics du Pic, ce sont trente jeunes musiciennes et musiciens de 7 \u00e0 18 ans r\u00e9unis pour [&hellip;]\" \/>\n<meta property=\"og:url\" content=\"https:\/\/www.montpellier2028.eu\/en\/projets\/lhymne-europeen-de-la-jeunesse-du-bassin-de-vie-montpellier-2028\/\" \/>\n<meta property=\"og:site_name\" content=\"Montpellier 2028\" \/>\n<meta property=\"article:publisher\" content=\"https:\/\/www.facebook.com\/montpellier2028\" \/>\n<meta property=\"article:modified_time\" content=\"2023-02-14T16:59:37+00:00\" \/>\n<meta property=\"og:image\" content=\"https:\/\/www.montpellier2028.eu\/wp-content\/uploads\/2022\/09\/Les-Loustics-du-Pic-2022-re-scaled.jpg\" \/>\n\t<meta property=\"og:image:width\" content=\"2560\" \/>\n\t<meta property=\"og:image:height\" content=\"1613\" \/>\n\t<meta property=\"og:image:type\" content=\"image\/jpeg\" \/>\n<meta name=\"twitter:card\" content=\"summary_large_image\" \/>\n<meta name=\"twitter:site\" content=\"@mtp2028\" \/>\n<meta name=\"twitter:label1\" content=\"Est. reading time\" \/>\n\t<meta name=\"twitter:data1\" content=\"1 minute\" \/>\n<script type=\"application\/ld+json\" class=\"yoast-schema-graph\">{\"@context\":\"https:\/\/schema.org\",\"@graph\":[{\"@type\":\"WebPage\",\"@id\":\"https:\/\/www.montpellier2028.eu\/en\/projets\/lhymne-europeen-de-la-jeunesse-du-bassin-de-vie-montpellier-2028\/\",\"url\":\"https:\/\/www.montpellier2028.eu\/en\/projets\/lhymne-europeen-de-la-jeunesse-du-bassin-de-vie-montpellier-2028\/\",\"name\":\"L\u2019hymne europ\u00e9en de la jeunesse du bassin de vie Montpellier 2028 - Montpellier 2028\",\"isPartOf\":{\"@id\":\"https:\/\/www.montpellier2028.eu\/en\/#website\"},\"primaryImageOfPage\":{\"@id\":\"https:\/\/www.montpellier2028.eu\/en\/projets\/lhymne-europeen-de-la-jeunesse-du-bassin-de-vie-montpellier-2028\/#primaryimage\"},\"image\":{\"@id\":\"https:\/\/www.montpellier2028.eu\/en\/projets\/lhymne-europeen-de-la-jeunesse-du-bassin-de-vie-montpellier-2028\/#primaryimage\"},\"thumbnailUrl\":\"https:\/\/www.montpellier2028.eu\/wp-content\/uploads\/2022\/09\/Les-Loustics-du-Pic-2022-re-scaled.jpg\",\"datePublished\":\"2022-09-22T12:42:52+00:00\",\"dateModified\":\"2023-02-14T16:59:37+00:00\",\"breadcrumb\":{\"@id\":\"https:\/\/www.montpellier2028.eu\/en\/projets\/lhymne-europeen-de-la-jeunesse-du-bassin-de-vie-montpellier-2028\/#breadcrumb\"},\"inLanguage\":\"en-US\",\"potentialAction\":[{\"@type\":\"ReadAction\",\"target\":[\"https:\/\/www.montpellier2028.eu\/en\/projets\/lhymne-europeen-de-la-jeunesse-du-bassin-de-vie-montpellier-2028\/\"]}]},{\"@type\":\"ImageObject\",\"inLanguage\":\"en-US\",\"@id\":\"https:\/\/www.montpellier2028.eu\/en\/projets\/lhymne-europeen-de-la-jeunesse-du-bassin-de-vie-montpellier-2028\/#primaryimage\",\"url\":\"https:\/\/www.montpellier2028.eu\/wp-content\/uploads\/2022\/09\/Les-Loustics-du-Pic-2022-re-scaled.jpg\",\"contentUrl\":\"https:\/\/www.montpellier2028.eu\/wp-content\/uploads\/2022\/09\/Les-Loustics-du-Pic-2022-re-scaled.jpg\",\"width\":2560,\"height\":1613},{\"@type\":\"BreadcrumbList\",\"@id\":\"https:\/\/www.montpellier2028.eu\/en\/projets\/lhymne-europeen-de-la-jeunesse-du-bassin-de-vie-montpellier-2028\/#breadcrumb\",\"itemListElement\":[{\"@type\":\"ListItem\",\"position\":1,\"name\":\"Home\",\"item\":\"https:\/\/www.montpellier2028.eu\/en\/\"},{\"@type\":\"ListItem\",\"position\":2,\"name\":\"Projets\",\"item\":\"https:\/\/www.montpellier2028.eu\/en\/projects\/\"},{\"@type\":\"ListItem\",\"position\":3,\"name\":\"L\u2019hymne europ\u00e9en de la jeunesse du bassin de vie Montpellier 2028\"}]},{\"@type\":\"WebSite\",\"@id\":\"https:\/\/www.montpellier2028.eu\/en\/#website\",\"url\":\"https:\/\/www.montpellier2028.eu\/en\/\",\"name\":\"Montpellier 2028\",\"description\":\"Construisons ensemble!\",\"publisher\":{\"@id\":\"https:\/\/www.montpellier2028.eu\/en\/#organization\"},\"potentialAction\":[{\"@type\":\"SearchAction\",\"target\":{\"@type\":\"EntryPoint\",\"urlTemplate\":\"https:\/\/www.montpellier2028.eu\/en\/?s={search_term_string}\"},\"query-input\":{\"@type\":\"PropertyValueSpecification\",\"valueRequired\":true,\"valueName\":\"search_term_string\"}}],\"inLanguage\":\"en-US\"},{\"@type\":\"Organization\",\"@id\":\"https:\/\/www.montpellier2028.eu\/en\/#organization\",\"name\":\"Montpellier 2028\",\"url\":\"https:\/\/www.montpellier2028.eu\/en\/\",\"logo\":{\"@type\":\"ImageObject\",\"inLanguage\":\"en-US\",\"@id\":\"https:\/\/www.montpellier2028.eu\/en\/#\/schema\/logo\/image\/\",\"url\":\"https:\/\/www.montpellier2028.eu\/wp-content\/uploads\/2022\/09\/cropped-small-logo-lg.png\",\"contentUrl\":\"https:\/\/www.montpellier2028.eu\/wp-content\/uploads\/2022\/09\/cropped-small-logo-lg.png\",\"width\":512,\"height\":512,\"caption\":\"Montpellier 2028\"},\"image\":{\"@id\":\"https:\/\/www.montpellier2028.eu\/en\/#\/schema\/logo\/image\/\"},\"sameAs\":[\"https:\/\/www.facebook.com\/montpellier2028\",\"https:\/\/x.com\/mtp2028\",\"https:\/\/www.instagram.com\/montpellier2028\/\",\"https:\/\/www.linkedin.com\/showcase\/montpellier2028\/about\/\"]}]}<\/script>\n<!-- \/ Yoast SEO plugin. -->","yoast_head_json":{"title":"L\u2019hymne europ\u00e9en de la jeunesse du bassin de vie Montpellier 2028 - Montpellier 2028","robots":{"index":"index","follow":"follow","max-snippet":"max-snippet:-1","max-image-preview":"max-image-preview:large","max-video-preview":"max-video-preview:-1"},"canonical":"https:\/\/www.montpellier2028.eu\/en\/projets\/lhymne-europeen-de-la-jeunesse-du-bassin-de-vie-montpellier-2028\/","og_locale":"en_US","og_type":"article","og_title":"L\u2019hymne europ\u00e9en de la jeunesse du bassin de vie Montpellier 2028 - Montpellier 2028","og_description":"La fanfare Les Loustics du Pic, ce sont trente jeunes musiciennes et musiciens de 7 \u00e0 18 ans r\u00e9unis pour [&hellip;]","og_url":"https:\/\/www.montpellier2028.eu\/en\/projets\/lhymne-europeen-de-la-jeunesse-du-bassin-de-vie-montpellier-2028\/","og_site_name":"Montpellier 2028","article_publisher":"https:\/\/www.facebook.com\/montpellier2028","article_modified_time":"2023-02-14T16:59:37+00:00","og_image":[{"width":2560,"height":1613,"url":"https:\/\/www.montpellier2028.eu\/wp-content\/uploads\/2022\/09\/Les-Loustics-du-Pic-2022-re-scaled.jpg","type":"image\/jpeg"}],"twitter_card":"summary_large_image","twitter_site":"@mtp2028","twitter_misc":{"Est. reading time":"1 minute"},"schema":{"@context":"https:\/\/schema.org","@graph":[{"@type":"WebPage","@id":"https:\/\/www.montpellier2028.eu\/en\/projets\/lhymne-europeen-de-la-jeunesse-du-bassin-de-vie-montpellier-2028\/","url":"https:\/\/www.montpellier2028.eu\/en\/projets\/lhymne-europeen-de-la-jeunesse-du-bassin-de-vie-montpellier-2028\/","name":"L\u2019hymne europ\u00e9en de la jeunesse du bassin de vie Montpellier 2028 - Montpellier 2028","isPartOf":{"@id":"https:\/\/www.montpellier2028.eu\/en\/#website"},"primaryImageOfPage":{"@id":"https:\/\/www.montpellier2028.eu\/en\/projets\/lhymne-europeen-de-la-jeunesse-du-bassin-de-vie-montpellier-2028\/#primaryimage"},"image":{"@id":"https:\/\/www.montpellier2028.eu\/en\/projets\/lhymne-europeen-de-la-jeunesse-du-bassin-de-vie-montpellier-2028\/#primaryimage"},"thumbnailUrl":"https:\/\/www.montpellier2028.eu\/wp-content\/uploads\/2022\/09\/Les-Loustics-du-Pic-2022-re-scaled.jpg","datePublished":"2022-09-22T12:42:52+00:00","dateModified":"2023-02-14T16:59:37+00:00","breadcrumb":{"@id":"https:\/\/www.montpellier2028.eu\/en\/projets\/lhymne-europeen-de-la-jeunesse-du-bassin-de-vie-montpellier-2028\/#breadcrumb"},"inLanguage":"en-US","potentialAction":[{"@type":"ReadAction","target":["https:\/\/www.montpellier2028.eu\/en\/projets\/lhymne-europeen-de-la-jeunesse-du-bassin-de-vie-montpellier-2028\/"]}]},{"@type":"ImageObject","inLanguage":"en-US","@id":"https:\/\/www.montpellier2028.eu\/en\/projets\/lhymne-europeen-de-la-jeunesse-du-bassin-de-vie-montpellier-2028\/#primaryimage","url":"https:\/\/www.montpellier2028.eu\/wp-content\/uploads\/2022\/09\/Les-Loustics-du-Pic-2022-re-scaled.jpg","contentUrl":"https:\/\/www.montpellier2028.eu\/wp-content\/uploads\/2022\/09\/Les-Loustics-du-Pic-2022-re-scaled.jpg","width":2560,"height":1613},{"@type":"BreadcrumbList","@id":"https:\/\/www.montpellier2028.eu\/en\/projets\/lhymne-europeen-de-la-jeunesse-du-bassin-de-vie-montpellier-2028\/#breadcrumb","itemListElement":[{"@type":"ListItem","position":1,"name":"Home","item":"https:\/\/www.montpellier2028.eu\/en\/"},{"@type":"ListItem","position":2,"name":"Projets","item":"https:\/\/www.montpellier2028.eu\/en\/projects\/"},{"@type":"ListItem","position":3,"name":"L\u2019hymne europ\u00e9en de la jeunesse du bassin de vie Montpellier 2028"}]},{"@type":"WebSite","@id":"https:\/\/www.montpellier2028.eu\/en\/#website","url":"https:\/\/www.montpellier2028.eu\/en\/","name":"Montpellier 2028","description":"Construisons ensemble!","publisher":{"@id":"https:\/\/www.montpellier2028.eu\/en\/#organization"},"potentialAction":[{"@type":"SearchAction","target":{"@type":"EntryPoint","urlTemplate":"https:\/\/www.montpellier2028.eu\/en\/?s={search_term_string}"},"query-input":{"@type":"PropertyValueSpecification","valueRequired":true,"valueName":"search_term_string"}}],"inLanguage":"en-US"},{"@type":"Organization","@id":"https:\/\/www.montpellier2028.eu\/en\/#organization","name":"Montpellier 2028","url":"https:\/\/www.montpellier2028.eu\/en\/","logo":{"@type":"ImageObject","inLanguage":"en-US","@id":"https:\/\/www.montpellier2028.eu\/en\/#\/schema\/logo\/image\/","url":"https:\/\/www.montpellier2028.eu\/wp-content\/uploads\/2022\/09\/cropped-small-logo-lg.png","contentUrl":"https:\/\/www.montpellier2028.eu\/wp-content\/uploads\/2022\/09\/cropped-small-logo-lg.png","width":512,"height":512,"caption":"Montpellier 2028"},"image":{"@id":"https:\/\/www.montpellier2028.eu\/en\/#\/schema\/logo\/image\/"},"sameAs":["https:\/\/www.facebook.com\/montpellier2028","https:\/\/x.com\/mtp2028","https:\/\/www.instagram.com\/montpellier2028\/","https:\/\/www.linkedin.com\/showcase\/montpellier2028\/about\/"]}]}},"_links":{"self":[{"href":"https:\/\/www.montpellier2028.eu\/en\/wp-json\/wp\/v2\/project\/551","targetHints":{"allow":["GET"]}}],"collection":[{"href":"https:\/\/www.montpellier2028.eu\/en\/wp-json\/wp\/v2\/project"}],"about":[{"href":"https:\/\/www.montpellier2028.eu\/en\/wp-json\/wp\/v2\/types\/project"}],"author":[{"embeddable":true,"href":"https:\/\/www.montpellier2028.eu\/en\/wp-json\/wp\/v2\/users\/2"}],"version-history":[{"count":10,"href":"https:\/\/www.montpellier2028.eu\/en\/wp-json\/wp\/v2\/project\/551\/revisions"}],"predecessor-version":[{"id":2227,"href":"https:\/\/www.montpellier2028.eu\/en\/wp-json\/wp\/v2\/project\/551\/revisions\/2227"}],"wp:featuredmedia":[{"embeddable":true,"href":"https:\/\/www.montpellier2028.eu\/en\/wp-json\/wp\/v2\/media\/554"}],"wp:attachment":[{"href":"https:\/\/www.montpellier2028.eu\/en\/wp-json\/wp\/v2\/media?parent=551"}],"wp:term":[{"taxonomy":"projectcat","embeddable":true,"href":"https:\/\/www.montpellier2028.eu\/en\/wp-json\/wp\/v2\/projectcat?post=551"},{"taxonomy":"audience","embeddable":true,"href":"https:\/\/www.montpellier2028.eu\/en\/wp-json\/wp\/v2\/audience?post=551"},{"taxonomy":"geozone","embeddable":true,"href":"https:\/\/www.montpellier2028.eu\/en\/wp-json\/wp\/v2\/geozone?post=551"},{"taxonomy":"edition","embeddable":true,"href":"https:\/\/www.montpellier2028.eu\/en\/wp-json\/wp\/v2\/edition?post=551"}],"curies":[{"name":"wp","href":"https:\/\/api.w.org\/{rel}","templated":true}]}}

L’hymne européen de la jeunesse du bassin de vie Montpellier 2028

<p>La fanfare Les Loustics du Pic, ce sont trente jeunes musiciennes et musiciens de 7 à 18 ans réunis pour vous faire danser, vibrer et pour progresser en s’amusant. Les Loustics composeront un hymne européen de la jeunesse du bassin de vie Montpellier-Sète. Cet hymne représentera leur vision de leur territoire, et de l’Europe. Le groupe sera accompagné dans ce processus de création par deux artistes européens. </p>



<p>Vous pourrez découvrir cet hymne européen de la jeunesse à l’occasion d’un concert de restitution ouvert à toutes et tous.</p>

<p>La fanfare Les Loustics du Pic, ce sont trente jeunes musiciennes et musiciens de 7 à 18 ans réunis pour [&hellip;]</p>

<!-- This site is optimized with the Yoast SEO plugin v24.8 - https://yoast.com/wordpress/plugins/seo/ -->
<title>L’hymne européen de la jeunesse du bassin de vie Montpellier 2028 - Montpellier 2028</title>
<meta name="robots" content="index, follow, max-snippet:-1, max-image-preview:large, max-video-preview:-1" />
<link rel="canonical" href="https://www.montpellier2028.eu/en/projets/lhymne-europeen-de-la-jeunesse-du-bassin-de-vie-montpellier-2028/" />
<meta property="og:locale" content="en_US" />
<meta property="og:type" content="article" />
<meta property="og:title" content="L’hymne européen de la jeunesse du bassin de vie Montpellier 2028 - Montpellier 2028" />
<meta property="og:description" content="La fanfare Les Loustics du Pic, ce sont trente jeunes musiciennes et musiciens de 7 à 18 ans réunis pour [&hellip;]" />
<meta property="og:url" content="https://www.montpellier2028.eu/en/projets/lhymne-europeen-de-la-jeunesse-du-bassin-de-vie-montpellier-2028/" />
<meta property="og:site_name" content="Montpellier 2028" />
<meta property="article:publisher" content="https://www.facebook.com/montpellier2028" />
<meta property="article:modified_time" content="2023-02-14T16:59:37+00:00" />
<meta property="og:image" content="https://www.montpellier2028.eu/wp-content/uploads/2022/09/Les-Loustics-du-Pic-2022-re-scaled.jpg" />
	<meta property="og:image:width" content="2560" />
	<meta property="og:image:height" content="1613" />
	<meta property="og:image:type" content="image/jpeg" />
<meta name="twitter:card" content="summary_large_image" />
<meta name="twitter:site" content="@mtp2028" />
<meta name="twitter:label1" content="Est. reading time" />
	<meta name="twitter:data1" content="1 minute" />
<script type="application/ld+json" class="yoast-schema-graph">{"@context":"https://schema.org","@graph":[{"@type":"WebPage","@id":"https://www.montpellier2028.eu/en/projets/lhymne-europeen-de-la-jeunesse-du-bassin-de-vie-montpellier-2028/","url":"https://www.montpellier2028.eu/en/projets/lhymne-europeen-de-la-jeunesse-du-bassin-de-vie-montpellier-2028/","name":"L’hymne européen de la jeunesse du bassin de vie Montpellier 2028 - Montpellier 2028","isPartOf":{"@id":"https://www.montpellier2028.eu/en/#website"},"primaryImageOfPage":{"@id":"https://www.montpellier2028.eu/en/projets/lhymne-europeen-de-la-jeunesse-du-bassin-de-vie-montpellier-2028/#primaryimage"},"image":{"@id":"https://www.montpellier2028.eu/en/projets/lhymne-europeen-de-la-jeunesse-du-bassin-de-vie-montpellier-2028/#primaryimage"},"thumbnailUrl":"https://www.montpellier2028.eu/wp-content/uploads/2022/09/Les-Loustics-du-Pic-2022-re-scaled.jpg","datePublished":"2022-09-22T12:42:52+00:00","dateModified":"2023-02-14T16:59:37+00:00","breadcrumb":{"@id":"https://www.montpellier2028.eu/en/projets/lhymne-europeen-de-la-jeunesse-du-bassin-de-vie-montpellier-2028/#breadcrumb"},"inLanguage":"en-US","potentialAction":[{"@type":"ReadAction","target":["https://www.montpellier2028.eu/en/projets/lhymne-europeen-de-la-jeunesse-du-bassin-de-vie-montpellier-2028/"]}]},{"@type":"ImageObject","inLanguage":"en-US","@id":"https://www.montpellier2028.eu/en/projets/lhymne-europeen-de-la-jeunesse-du-bassin-de-vie-montpellier-2028/#primaryimage","url":"https://www.montpellier2028.eu/wp-content/uploads/2022/09/Les-Loustics-du-Pic-2022-re-scaled.jpg","contentUrl":"https://www.montpellier2028.eu/wp-content/uploads/2022/09/Les-Loustics-du-Pic-2022-re-scaled.jpg","width":2560,"height":1613},{"@type":"BreadcrumbList","@id":"https://www.montpellier2028.eu/en/projets/lhymne-europeen-de-la-jeunesse-du-bassin-de-vie-montpellier-2028/#breadcrumb","itemListElement":[{"@type":"ListItem","position":1,"name":"Home","item":"https://www.montpellier2028.eu/en/"},{"@type":"ListItem","position":2,"name":"Projets","item":"https://www.montpellier2028.eu/en/projects/"},{"@type":"ListItem","position":3,"name":"L’hymne européen de la jeunesse du bassin de vie Montpellier 2028"}]},{"@type":"WebSite","@id":"https://www.montpellier2028.eu/en/#website","url":"https://www.montpellier2028.eu/en/","name":"Montpellier 2028","description":"Construisons ensemble!","publisher":{"@id":"https://www.montpellier2028.eu/en/#organization"},"potentialAction":[{"@type":"SearchAction","target":{"@type":"EntryPoint","urlTemplate":"https://www.montpellier2028.eu/en/?s={search_term_string}"},"query-input":{"@type":"PropertyValueSpecification","valueRequired":true,"valueName":"search_term_string"}}],"inLanguage":"en-US"},{"@type":"Organization","@id":"https://www.montpellier2028.eu/en/#organization","name":"Montpellier 2028","url":"https://www.montpellier2028.eu/en/","logo":{"@type":"ImageObject","inLanguage":"en-US","@id":"https://www.montpellier2028.eu/en/#/schema/logo/image/","url":"https://www.montpellier2028.eu/wp-content/uploads/2022/09/cropped-small-logo-lg.png","contentUrl":"https://www.montpellier2028.eu/wp-content/uploads/2022/09/cropped-small-logo-lg.png","width":512,"height":512,"caption":"Montpellier 2028"},"image":{"@id":"https://www.montpellier2028.eu/en/#/schema/logo/image/"},"sameAs":["https://www.facebook.com/montpellier2028","https://x.com/mtp2028","https://www.instagram.com/montpellier2028/","https://www.linkedin.com/showcase/montpellier2028/about/"]}]}</script>
<!-- / Yoast SEO plugin. -->

L’hymne européen de la jeunesse du bassin de vie Montpellier 2028 - Montpellier 2028

La fanfare Les Loustics du Pic, ce sont trente jeunes musiciennes et musiciens de 7 à 18 ans réunis pour [&hellip;]
