{"id":842,"date":"2022-09-23T16:19:21","date_gmt":"2022-09-23T14:19:21","guid":{"rendered":"https:\/\/www.montpellier2028.eu\/?post_type=project&#038;p=842"},"modified":"2023-03-28T19:05:52","modified_gmt":"2023-03-28T17:05:52","slug":"modestes-et-appliques","status":"publish","type":"project","link":"https:\/\/www.montpellier2028.eu\/en\/projets\/modestes-et-appliques\/","title":{"rendered":"Modestes et Appliqu\u00e9s"},"content":{"rendered":"\n<p>Le MIAM et La Fen\u00eatre s\u2019associent pour proposer, \u00e0 Montpellier, d\u2019octobre 2022 \u00e0 f\u00e9vrier 2023, une exposition commune intitul\u00e9e \u00ab Modestes et Appliqu\u00e9s \u00bb. Habitu\u00e9es des marges de la cr\u00e9ation acad\u00e9mique, les deux entit\u00e9s proposent cette fois l\u2019exploration d\u2019un territoire qui leur est commun, aux confins des arts modestes et des arts appliqu\u00e9s. On parlera notamment d\u2019architecture modeste ou de graphisme modeste en revenant sur les compagnonnages du MIAM avec Patrick Bouchain qui a con\u00e7u le b\u00e2timent qui abrite le MIAM ou encore avec Etienne Robial, qui en a cr\u00e9\u00e9 l\u2019identit\u00e9 visuelle. L\u2019occasion de d\u00e9couvrir ou re-d\u00e9couvrir certaines \u0153uvres en collection au MIAM : villes oniriques, cartographie des arts et graphisme populaire&#8230; Le catalogue de l\u2019exposition est paru <a href=\"https:\/\/editions-la-fenetre-1.mywizi.com\/les-cahiers-de-la-fenetre\/graphisme\/10-modestes-et-appliques.html\" target=\"_blank\" rel=\"noreferrer noopener\">aux \u00e9ditions Banza\u00ef<\/a>.<br><a href=\"https:\/\/www.radiofrance.fr\/franceculture\/podcasts\/affaires-culturelles\/herve-di-rosa-est-l-invite-d-affaires-culturelles-6958626\" target=\"_blank\" rel=\"noreferrer noopener\"><\/a><a href=\"https:\/\/www.radiofrance.fr\/franceculture\/podcasts\/affaires-culturelles\/herve-di-rosa-est-l-invite-d-affaires-culturelles-6958626\" target=\"_blank\" rel=\"noreferrer noopener\">\u2192 Interview France Culture d&#8217;Herv\u00e9 Di Rosa<\/a><\/p>\n","protected":false},"excerpt":{"rendered":"<p>Le MIAM et La Fen\u00eatre s\u2019associent pour proposer, \u00e0 Montpellier, d\u2019octobre 2022 \u00e0 f\u00e9vrier 2023, une exposition commune intitul\u00e9e \u00ab [&hellip;]<\/p>\n","protected":false},"author":2,"featured_media":843,"parent":0,"template":"","format":"standard","meta":{"_acf_changed":false,"footnotes":""},"projectcat":[10],"audience":[13],"geozone":[76,75],"edition":[66],"class_list":["post-842","project","type-project","status-publish","format-standard","has-post-thumbnail","hentry","projectcat-exposition","audience-tout-public","geozone-montpellier-mediterranee-metropole","geozone-sete-agglopole","edition-66"],"acf":[],"yoast_head":"<!-- This site is optimized with the Yoast SEO plugin v24.8 - https:\/\/yoast.com\/wordpress\/plugins\/seo\/ -->\n<title>Modestes et Appliqu\u00e9s - Montpellier 2028<\/title>\n<meta name=\"robots\" content=\"index, follow, max-snippet:-1, max-image-preview:large, max-video-preview:-1\" \/>\n<link rel=\"canonical\" href=\"https:\/\/www.montpellier2028.eu\/en\/projets\/modestes-et-appliques\/\" \/>\n<meta property=\"og:locale\" content=\"en_US\" \/>\n<meta property=\"og:type\" content=\"article\" \/>\n<meta property=\"og:title\" content=\"Modestes et Appliqu\u00e9s - Montpellier 2028\" \/>\n<meta property=\"og:description\" content=\"Le MIAM et La Fen\u00eatre s\u2019associent pour proposer, \u00e0 Montpellier, d\u2019octobre 2022 \u00e0 f\u00e9vrier 2023, une exposition commune intitul\u00e9e \u00ab [&hellip;]\" \/>\n<meta property=\"og:url\" content=\"https:\/\/www.montpellier2028.eu\/en\/projets\/modestes-et-appliques\/\" \/>\n<meta property=\"og:site_name\" content=\"Montpellier 2028\" \/>\n<meta property=\"article:publisher\" content=\"https:\/\/www.facebook.com\/montpellier2028\" \/>\n<meta property=\"article:modified_time\" content=\"2023-03-28T17:05:52+00:00\" \/>\n<meta property=\"og:image\" content=\"https:\/\/www.montpellier2028.eu\/wp-content\/uploads\/2022\/09\/La-Fenetre-Miam-Modestes-et-appliques-1.jpg\" \/>\n\t<meta property=\"og:image:width\" content=\"1280\" \/>\n\t<meta property=\"og:image:height\" content=\"857\" \/>\n\t<meta property=\"og:image:type\" content=\"image\/jpeg\" \/>\n<meta name=\"twitter:card\" content=\"summary_large_image\" \/>\n<meta name=\"twitter:site\" content=\"@mtp2028\" \/>\n<meta name=\"twitter:label1\" content=\"Est. reading time\" \/>\n\t<meta name=\"twitter:data1\" content=\"1 minute\" \/>\n<script type=\"application\/ld+json\" class=\"yoast-schema-graph\">{\"@context\":\"https:\/\/schema.org\",\"@graph\":[{\"@type\":\"WebPage\",\"@id\":\"https:\/\/www.montpellier2028.eu\/en\/projets\/modestes-et-appliques\/\",\"url\":\"https:\/\/www.montpellier2028.eu\/en\/projets\/modestes-et-appliques\/\",\"name\":\"Modestes et Appliqu\u00e9s - Montpellier 2028\",\"isPartOf\":{\"@id\":\"https:\/\/www.montpellier2028.eu\/en\/#website\"},\"primaryImageOfPage\":{\"@id\":\"https:\/\/www.montpellier2028.eu\/en\/projets\/modestes-et-appliques\/#primaryimage\"},\"image\":{\"@id\":\"https:\/\/www.montpellier2028.eu\/en\/projets\/modestes-et-appliques\/#primaryimage\"},\"thumbnailUrl\":\"https:\/\/www.montpellier2028.eu\/wp-content\/uploads\/2022\/09\/La-Fenetre-Miam-Modestes-et-appliques-1.jpg\",\"datePublished\":\"2022-09-23T14:19:21+00:00\",\"dateModified\":\"2023-03-28T17:05:52+00:00\",\"breadcrumb\":{\"@id\":\"https:\/\/www.montpellier2028.eu\/en\/projets\/modestes-et-appliques\/#breadcrumb\"},\"inLanguage\":\"en-US\",\"potentialAction\":[{\"@type\":\"ReadAction\",\"target\":[\"https:\/\/www.montpellier2028.eu\/en\/projets\/modestes-et-appliques\/\"]}]},{\"@type\":\"ImageObject\",\"inLanguage\":\"en-US\",\"@id\":\"https:\/\/www.montpellier2028.eu\/en\/projets\/modestes-et-appliques\/#primaryimage\",\"url\":\"https:\/\/www.montpellier2028.eu\/wp-content\/uploads\/2022\/09\/La-Fenetre-Miam-Modestes-et-appliques-1.jpg\",\"contentUrl\":\"https:\/\/www.montpellier2028.eu\/wp-content\/uploads\/2022\/09\/La-Fenetre-Miam-Modestes-et-appliques-1.jpg\",\"width\":1280,\"height\":857},{\"@type\":\"BreadcrumbList\",\"@id\":\"https:\/\/www.montpellier2028.eu\/en\/projets\/modestes-et-appliques\/#breadcrumb\",\"itemListElement\":[{\"@type\":\"ListItem\",\"position\":1,\"name\":\"Home\",\"item\":\"https:\/\/www.montpellier2028.eu\/en\/\"},{\"@type\":\"ListItem\",\"position\":2,\"name\":\"Projets\",\"item\":\"https:\/\/www.montpellier2028.eu\/en\/projects\/\"},{\"@type\":\"ListItem\",\"position\":3,\"name\":\"Modestes et Appliqu\u00e9s\"}]},{\"@type\":\"WebSite\",\"@id\":\"https:\/\/www.montpellier2028.eu\/en\/#website\",\"url\":\"https:\/\/www.montpellier2028.eu\/en\/\",\"name\":\"Montpellier 2028\",\"description\":\"Construisons ensemble!\",\"publisher\":{\"@id\":\"https:\/\/www.montpellier2028.eu\/en\/#organization\"},\"potentialAction\":[{\"@type\":\"SearchAction\",\"target\":{\"@type\":\"EntryPoint\",\"urlTemplate\":\"https:\/\/www.montpellier2028.eu\/en\/?s={search_term_string}\"},\"query-input\":{\"@type\":\"PropertyValueSpecification\",\"valueRequired\":true,\"valueName\":\"search_term_string\"}}],\"inLanguage\":\"en-US\"},{\"@type\":\"Organization\",\"@id\":\"https:\/\/www.montpellier2028.eu\/en\/#organization\",\"name\":\"Montpellier 2028\",\"url\":\"https:\/\/www.montpellier2028.eu\/en\/\",\"logo\":{\"@type\":\"ImageObject\",\"inLanguage\":\"en-US\",\"@id\":\"https:\/\/www.montpellier2028.eu\/en\/#\/schema\/logo\/image\/\",\"url\":\"https:\/\/www.montpellier2028.eu\/wp-content\/uploads\/2022\/09\/cropped-small-logo-lg.png\",\"contentUrl\":\"https:\/\/www.montpellier2028.eu\/wp-content\/uploads\/2022\/09\/cropped-small-logo-lg.png\",\"width\":512,\"height\":512,\"caption\":\"Montpellier 2028\"},\"image\":{\"@id\":\"https:\/\/www.montpellier2028.eu\/en\/#\/schema\/logo\/image\/\"},\"sameAs\":[\"https:\/\/www.facebook.com\/montpellier2028\",\"https:\/\/x.com\/mtp2028\",\"https:\/\/www.instagram.com\/montpellier2028\/\",\"https:\/\/www.linkedin.com\/showcase\/montpellier2028\/about\/\"]}]}<\/script>\n<!-- \/ Yoast SEO plugin. -->","yoast_head_json":{"title":"Modestes et Appliqu\u00e9s - Montpellier 2028","robots":{"index":"index","follow":"follow","max-snippet":"max-snippet:-1","max-image-preview":"max-image-preview:large","max-video-preview":"max-video-preview:-1"},"canonical":"https:\/\/www.montpellier2028.eu\/en\/projets\/modestes-et-appliques\/","og_locale":"en_US","og_type":"article","og_title":"Modestes et Appliqu\u00e9s - Montpellier 2028","og_description":"Le MIAM et La Fen\u00eatre s\u2019associent pour proposer, \u00e0 Montpellier, d\u2019octobre 2022 \u00e0 f\u00e9vrier 2023, une exposition commune intitul\u00e9e \u00ab [&hellip;]","og_url":"https:\/\/www.montpellier2028.eu\/en\/projets\/modestes-et-appliques\/","og_site_name":"Montpellier 2028","article_publisher":"https:\/\/www.facebook.com\/montpellier2028","article_modified_time":"2023-03-28T17:05:52+00:00","og_image":[{"width":1280,"height":857,"url":"https:\/\/www.montpellier2028.eu\/wp-content\/uploads\/2022\/09\/La-Fenetre-Miam-Modestes-et-appliques-1.jpg","type":"image\/jpeg"}],"twitter_card":"summary_large_image","twitter_site":"@mtp2028","twitter_misc":{"Est. reading time":"1 minute"},"schema":{"@context":"https:\/\/schema.org","@graph":[{"@type":"WebPage","@id":"https:\/\/www.montpellier2028.eu\/en\/projets\/modestes-et-appliques\/","url":"https:\/\/www.montpellier2028.eu\/en\/projets\/modestes-et-appliques\/","name":"Modestes et Appliqu\u00e9s - Montpellier 2028","isPartOf":{"@id":"https:\/\/www.montpellier2028.eu\/en\/#website"},"primaryImageOfPage":{"@id":"https:\/\/www.montpellier2028.eu\/en\/projets\/modestes-et-appliques\/#primaryimage"},"image":{"@id":"https:\/\/www.montpellier2028.eu\/en\/projets\/modestes-et-appliques\/#primaryimage"},"thumbnailUrl":"https:\/\/www.montpellier2028.eu\/wp-content\/uploads\/2022\/09\/La-Fenetre-Miam-Modestes-et-appliques-1.jpg","datePublished":"2022-09-23T14:19:21+00:00","dateModified":"2023-03-28T17:05:52+00:00","breadcrumb":{"@id":"https:\/\/www.montpellier2028.eu\/en\/projets\/modestes-et-appliques\/#breadcrumb"},"inLanguage":"en-US","potentialAction":[{"@type":"ReadAction","target":["https:\/\/www.montpellier2028.eu\/en\/projets\/modestes-et-appliques\/"]}]},{"@type":"ImageObject","inLanguage":"en-US","@id":"https:\/\/www.montpellier2028.eu\/en\/projets\/modestes-et-appliques\/#primaryimage","url":"https:\/\/www.montpellier2028.eu\/wp-content\/uploads\/2022\/09\/La-Fenetre-Miam-Modestes-et-appliques-1.jpg","contentUrl":"https:\/\/www.montpellier2028.eu\/wp-content\/uploads\/2022\/09\/La-Fenetre-Miam-Modestes-et-appliques-1.jpg","width":1280,"height":857},{"@type":"BreadcrumbList","@id":"https:\/\/www.montpellier2028.eu\/en\/projets\/modestes-et-appliques\/#breadcrumb","itemListElement":[{"@type":"ListItem","position":1,"name":"Home","item":"https:\/\/www.montpellier2028.eu\/en\/"},{"@type":"ListItem","position":2,"name":"Projets","item":"https:\/\/www.montpellier2028.eu\/en\/projects\/"},{"@type":"ListItem","position":3,"name":"Modestes et Appliqu\u00e9s"}]},{"@type":"WebSite","@id":"https:\/\/www.montpellier2028.eu\/en\/#website","url":"https:\/\/www.montpellier2028.eu\/en\/","name":"Montpellier 2028","description":"Construisons ensemble!","publisher":{"@id":"https:\/\/www.montpellier2028.eu\/en\/#organization"},"potentialAction":[{"@type":"SearchAction","target":{"@type":"EntryPoint","urlTemplate":"https:\/\/www.montpellier2028.eu\/en\/?s={search_term_string}"},"query-input":{"@type":"PropertyValueSpecification","valueRequired":true,"valueName":"search_term_string"}}],"inLanguage":"en-US"},{"@type":"Organization","@id":"https:\/\/www.montpellier2028.eu\/en\/#organization","name":"Montpellier 2028","url":"https:\/\/www.montpellier2028.eu\/en\/","logo":{"@type":"ImageObject","inLanguage":"en-US","@id":"https:\/\/www.montpellier2028.eu\/en\/#\/schema\/logo\/image\/","url":"https:\/\/www.montpellier2028.eu\/wp-content\/uploads\/2022\/09\/cropped-small-logo-lg.png","contentUrl":"https:\/\/www.montpellier2028.eu\/wp-content\/uploads\/2022\/09\/cropped-small-logo-lg.png","width":512,"height":512,"caption":"Montpellier 2028"},"image":{"@id":"https:\/\/www.montpellier2028.eu\/en\/#\/schema\/logo\/image\/"},"sameAs":["https:\/\/www.facebook.com\/montpellier2028","https:\/\/x.com\/mtp2028","https:\/\/www.instagram.com\/montpellier2028\/","https:\/\/www.linkedin.com\/showcase\/montpellier2028\/about\/"]}]}},"_links":{"self":[{"href":"https:\/\/www.montpellier2028.eu\/en\/wp-json\/wp\/v2\/project\/842","targetHints":{"allow":["GET"]}}],"collection":[{"href":"https:\/\/www.montpellier2028.eu\/en\/wp-json\/wp\/v2\/project"}],"about":[{"href":"https:\/\/www.montpellier2028.eu\/en\/wp-json\/wp\/v2\/types\/project"}],"author":[{"embeddable":true,"href":"https:\/\/www.montpellier2028.eu\/en\/wp-json\/wp\/v2\/users\/2"}],"version-history":[{"count":12,"href":"https:\/\/www.montpellier2028.eu\/en\/wp-json\/wp\/v2\/project\/842\/revisions"}],"predecessor-version":[{"id":2313,"href":"https:\/\/www.montpellier2028.eu\/en\/wp-json\/wp\/v2\/project\/842\/revisions\/2313"}],"wp:featuredmedia":[{"embeddable":true,"href":"https:\/\/www.montpellier2028.eu\/en\/wp-json\/wp\/v2\/media\/843"}],"wp:attachment":[{"href":"https:\/\/www.montpellier2028.eu\/en\/wp-json\/wp\/v2\/media?parent=842"}],"wp:term":[{"taxonomy":"projectcat","embeddable":true,"href":"https:\/\/www.montpellier2028.eu\/en\/wp-json\/wp\/v2\/projectcat?post=842"},{"taxonomy":"audience","embeddable":true,"href":"https:\/\/www.montpellier2028.eu\/en\/wp-json\/wp\/v2\/audience?post=842"},{"taxonomy":"geozone","embeddable":true,"href":"https:\/\/www.montpellier2028.eu\/en\/wp-json\/wp\/v2\/geozone?post=842"},{"taxonomy":"edition","embeddable":true,"href":"https:\/\/www.montpellier2028.eu\/en\/wp-json\/wp\/v2\/edition?post=842"}],"curies":[{"name":"wp","href":"https:\/\/api.w.org\/{rel}","templated":true}]}}

Modestes et Appliqués

<p>Le MIAM et La Fenêtre s’associent pour proposer, à Montpellier, d’octobre 2022 à février 2023, une exposition commune intitulée « Modestes et Appliqués ». Habituées des marges de la création académique, les deux entités proposent cette fois l’exploration d’un territoire qui leur est commun, aux confins des arts modestes et des arts appliqués. On parlera notamment d’architecture modeste ou de graphisme modeste en revenant sur les compagnonnages du MIAM avec Patrick Bouchain qui a conçu le bâtiment qui abrite le MIAM ou encore avec Etienne Robial, qui en a créé l’identité visuelle. L’occasion de découvrir ou re-découvrir certaines œuvres en collection au MIAM : villes oniriques, cartographie des arts et graphisme populaire&#8230; Le catalogue de l’exposition est paru <a href="https://editions-la-fenetre-1.mywizi.com/les-cahiers-de-la-fenetre/graphisme/10-modestes-et-appliques.html" target="_blank" rel="noreferrer noopener">aux éditions Banzaï</a>.<br><a href="https://www.radiofrance.fr/franceculture/podcasts/affaires-culturelles/herve-di-rosa-est-l-invite-d-affaires-culturelles-6958626" target="_blank" rel="noreferrer noopener"></a><a href="https://www.radiofrance.fr/franceculture/podcasts/affaires-culturelles/herve-di-rosa-est-l-invite-d-affaires-culturelles-6958626" target="_blank" rel="noreferrer noopener">→ Interview France Culture d&#8217;Hervé Di Rosa</a></p>

<p>Le MIAM et La Fenêtre s’associent pour proposer, à Montpellier, d’octobre 2022 à février 2023, une exposition commune intitulée « [&hellip;]</p>

<!-- This site is optimized with the Yoast SEO plugin v24.8 - https://yoast.com/wordpress/plugins/seo/ -->
<title>Modestes et Appliqués - Montpellier 2028</title>
<meta name="robots" content="index, follow, max-snippet:-1, max-image-preview:large, max-video-preview:-1" />
<link rel="canonical" href="https://www.montpellier2028.eu/en/projets/modestes-et-appliques/" />
<meta property="og:locale" content="en_US" />
<meta property="og:type" content="article" />
<meta property="og:title" content="Modestes et Appliqués - Montpellier 2028" />
<meta property="og:description" content="Le MIAM et La Fenêtre s’associent pour proposer, à Montpellier, d’octobre 2022 à février 2023, une exposition commune intitulée « [&hellip;]" />
<meta property="og:url" content="https://www.montpellier2028.eu/en/projets/modestes-et-appliques/" />
<meta property="og:site_name" content="Montpellier 2028" />
<meta property="article:publisher" content="https://www.facebook.com/montpellier2028" />
<meta property="article:modified_time" content="2023-03-28T17:05:52+00:00" />
<meta property="og:image" content="https://www.montpellier2028.eu/wp-content/uploads/2022/09/La-Fenetre-Miam-Modestes-et-appliques-1.jpg" />
	<meta property="og:image:width" content="1280" />
	<meta property="og:image:height" content="857" />
	<meta property="og:image:type" content="image/jpeg" />
<meta name="twitter:card" content="summary_large_image" />
<meta name="twitter:site" content="@mtp2028" />
<meta name="twitter:label1" content="Est. reading time" />
	<meta name="twitter:data1" content="1 minute" />
<script type="application/ld+json" class="yoast-schema-graph">{"@context":"https://schema.org","@graph":[{"@type":"WebPage","@id":"https://www.montpellier2028.eu/en/projets/modestes-et-appliques/","url":"https://www.montpellier2028.eu/en/projets/modestes-et-appliques/","name":"Modestes et Appliqués - Montpellier 2028","isPartOf":{"@id":"https://www.montpellier2028.eu/en/#website"},"primaryImageOfPage":{"@id":"https://www.montpellier2028.eu/en/projets/modestes-et-appliques/#primaryimage"},"image":{"@id":"https://www.montpellier2028.eu/en/projets/modestes-et-appliques/#primaryimage"},"thumbnailUrl":"https://www.montpellier2028.eu/wp-content/uploads/2022/09/La-Fenetre-Miam-Modestes-et-appliques-1.jpg","datePublished":"2022-09-23T14:19:21+00:00","dateModified":"2023-03-28T17:05:52+00:00","breadcrumb":{"@id":"https://www.montpellier2028.eu/en/projets/modestes-et-appliques/#breadcrumb"},"inLanguage":"en-US","potentialAction":[{"@type":"ReadAction","target":["https://www.montpellier2028.eu/en/projets/modestes-et-appliques/"]}]},{"@type":"ImageObject","inLanguage":"en-US","@id":"https://www.montpellier2028.eu/en/projets/modestes-et-appliques/#primaryimage","url":"https://www.montpellier2028.eu/wp-content/uploads/2022/09/La-Fenetre-Miam-Modestes-et-appliques-1.jpg","contentUrl":"https://www.montpellier2028.eu/wp-content/uploads/2022/09/La-Fenetre-Miam-Modestes-et-appliques-1.jpg","width":1280,"height":857},{"@type":"BreadcrumbList","@id":"https://www.montpellier2028.eu/en/projets/modestes-et-appliques/#breadcrumb","itemListElement":[{"@type":"ListItem","position":1,"name":"Home","item":"https://www.montpellier2028.eu/en/"},{"@type":"ListItem","position":2,"name":"Projets","item":"https://www.montpellier2028.eu/en/projects/"},{"@type":"ListItem","position":3,"name":"Modestes et Appliqués"}]},{"@type":"WebSite","@id":"https://www.montpellier2028.eu/en/#website","url":"https://www.montpellier2028.eu/en/","name":"Montpellier 2028","description":"Construisons ensemble!","publisher":{"@id":"https://www.montpellier2028.eu/en/#organization"},"potentialAction":[{"@type":"SearchAction","target":{"@type":"EntryPoint","urlTemplate":"https://www.montpellier2028.eu/en/?s={search_term_string}"},"query-input":{"@type":"PropertyValueSpecification","valueRequired":true,"valueName":"search_term_string"}}],"inLanguage":"en-US"},{"@type":"Organization","@id":"https://www.montpellier2028.eu/en/#organization","name":"Montpellier 2028","url":"https://www.montpellier2028.eu/en/","logo":{"@type":"ImageObject","inLanguage":"en-US","@id":"https://www.montpellier2028.eu/en/#/schema/logo/image/","url":"https://www.montpellier2028.eu/wp-content/uploads/2022/09/cropped-small-logo-lg.png","contentUrl":"https://www.montpellier2028.eu/wp-content/uploads/2022/09/cropped-small-logo-lg.png","width":512,"height":512,"caption":"Montpellier 2028"},"image":{"@id":"https://www.montpellier2028.eu/en/#/schema/logo/image/"},"sameAs":["https://www.facebook.com/montpellier2028","https://x.com/mtp2028","https://www.instagram.com/montpellier2028/","https://www.linkedin.com/showcase/montpellier2028/about/"]}]}</script>
<!-- / Yoast SEO plugin. -->

Modestes et Appliqués - Montpellier 2028

Le MIAM et La Fenêtre s’associent pour proposer, à Montpellier, d’octobre 2022 à février 2023, une exposition commune intitulée « [&hellip;]
