{"id":8527,"date":"2025-05-26T12:25:15","date_gmt":"2025-05-26T10:25:15","guid":{"rendered":"https:\/\/www.montpellier2028.eu\/?post_type=project&#038;p=8527"},"modified":"2025-08-25T09:14:45","modified_gmt":"2025-08-25T07:14:45","slug":"message-from-bethlehem","status":"publish","type":"project","link":"https:\/\/www.montpellier2028.eu\/en\/projets\/message-from-bethlehem\/","title":{"rendered":"L\u2019Art est Public Parade\u00a0: Message from Bethl\u00e9em"},"content":{"rendered":"\n<p>Un projet itin\u00e9rant, v\u00e9ritable\u00a0chemin m\u00e9diterran\u00e9en qui relie les cultures et les territoires, en suivant le fil de la Mosson jusqu\u2019au\u00a0Lac des Garrigues.<br><br>De juillet \u00e0\u00a0octobre 2025, <strong>le percussionniste palestinien\u00a0Yanal Staiti\u00a0s\u2019installe en r\u00e9sidence au sein d\u2019UNi\u2019SONS, pour une aventure artistique et humaine in\u00e9dite<\/strong>. Pendant trois mois, il animera des\u00a0ateliers de percussions\u00a0ouverts aux familles, au grand public, ainsi que des\u00a0master classes\u00a0\u00e0 destination des musiciens locaux.<\/p>\n\n\n\n<p><strong>Ce parcours artistique aboutira \u00e0 une grande parade festive, le\u00a0samedi\u00a04 octobre, qui d\u00e9ambulera d\u2019UNi\u2019SONS jusqu\u2019au Lac des Garrigues.<\/strong><br>Un temps fort, symbole d\u2019un\u00a0vivre-ensemble en mouvement, o\u00f9 les sons de la Mosson entreront en r\u00e9sonance avec ceux de la Palestine<br><\/p>\n","protected":false},"excerpt":{"rendered":"<p>Un projet itin\u00e9rant, v\u00e9ritable\u00a0chemin m\u00e9diterran\u00e9en qui relie les cultures et les territoires, en suivant le fil de la Mosson jusqu\u2019au\u00a0Lac [&hellip;]<\/p>\n","protected":false},"author":8,"featured_media":8915,"parent":0,"template":"","format":"standard","meta":{"_acf_changed":false,"footnotes":""},"projectcat":[26,9,29,72],"audience":[13],"geozone":[76],"edition":[95],"class_list":["post-8527","project","type-project","status-publish","format-standard","has-post-thumbnail","hentry","projectcat-deambulation","projectcat-musique","projectcat-rencontre","projectcat-residence","audience-tout-public","geozone-montpellier-mediterranee-metropole","edition-95"],"acf":[],"yoast_head":"<!-- This site is optimized with the Yoast SEO plugin v24.8 - https:\/\/yoast.com\/wordpress\/plugins\/seo\/ -->\n<title>L\u2019Art est Public Parade\u00a0: Message from Bethl\u00e9em - Montpellier 2028<\/title>\n<meta name=\"robots\" content=\"index, follow, max-snippet:-1, max-image-preview:large, max-video-preview:-1\" \/>\n<link rel=\"canonical\" href=\"https:\/\/www.montpellier2028.eu\/en\/projets\/message-from-bethlehem\/\" \/>\n<meta property=\"og:locale\" content=\"en_US\" \/>\n<meta property=\"og:type\" content=\"article\" \/>\n<meta property=\"og:title\" content=\"L\u2019Art est Public Parade\u00a0: Message from Bethl\u00e9em - Montpellier 2028\" \/>\n<meta property=\"og:description\" content=\"Un projet itin\u00e9rant, v\u00e9ritable\u00a0chemin m\u00e9diterran\u00e9en qui relie les cultures et les territoires, en suivant le fil de la Mosson jusqu\u2019au\u00a0Lac [&hellip;]\" \/>\n<meta property=\"og:url\" content=\"https:\/\/www.montpellier2028.eu\/en\/projets\/message-from-bethlehem\/\" \/>\n<meta property=\"og:site_name\" content=\"Montpellier 2028\" \/>\n<meta property=\"article:publisher\" content=\"https:\/\/www.facebook.com\/montpellier2028\" \/>\n<meta property=\"article:modified_time\" content=\"2025-08-25T07:14:45+00:00\" \/>\n<meta property=\"og:image\" content=\"https:\/\/www.montpellier2028.eu\/wp-content\/uploads\/2025\/05\/Photo-l-art-est-public-parade-1-1024x560.png\" \/>\n\t<meta property=\"og:image:width\" content=\"1024\" \/>\n\t<meta property=\"og:image:height\" content=\"560\" \/>\n\t<meta property=\"og:image:type\" content=\"image\/png\" \/>\n<meta name=\"twitter:card\" content=\"summary_large_image\" \/>\n<meta name=\"twitter:site\" content=\"@mtp2028\" \/>\n<meta name=\"twitter:label1\" content=\"Est. reading time\" \/>\n\t<meta name=\"twitter:data1\" content=\"1 minute\" \/>\n<script type=\"application\/ld+json\" class=\"yoast-schema-graph\">{\"@context\":\"https:\/\/schema.org\",\"@graph\":[{\"@type\":\"WebPage\",\"@id\":\"https:\/\/www.montpellier2028.eu\/en\/projets\/message-from-bethlehem\/\",\"url\":\"https:\/\/www.montpellier2028.eu\/en\/projets\/message-from-bethlehem\/\",\"name\":\"L\u2019Art est Public Parade\u00a0: Message from Bethl\u00e9em - Montpellier 2028\",\"isPartOf\":{\"@id\":\"https:\/\/www.montpellier2028.eu\/en\/#website\"},\"primaryImageOfPage\":{\"@id\":\"https:\/\/www.montpellier2028.eu\/en\/projets\/message-from-bethlehem\/#primaryimage\"},\"image\":{\"@id\":\"https:\/\/www.montpellier2028.eu\/en\/projets\/message-from-bethlehem\/#primaryimage\"},\"thumbnailUrl\":\"https:\/\/www.montpellier2028.eu\/wp-content\/uploads\/2025\/05\/Photo-l-art-est-public-parade-1-scaled.png\",\"datePublished\":\"2025-05-26T10:25:15+00:00\",\"dateModified\":\"2025-08-25T07:14:45+00:00\",\"breadcrumb\":{\"@id\":\"https:\/\/www.montpellier2028.eu\/en\/projets\/message-from-bethlehem\/#breadcrumb\"},\"inLanguage\":\"en-US\",\"potentialAction\":[{\"@type\":\"ReadAction\",\"target\":[\"https:\/\/www.montpellier2028.eu\/en\/projets\/message-from-bethlehem\/\"]}]},{\"@type\":\"ImageObject\",\"inLanguage\":\"en-US\",\"@id\":\"https:\/\/www.montpellier2028.eu\/en\/projets\/message-from-bethlehem\/#primaryimage\",\"url\":\"https:\/\/www.montpellier2028.eu\/wp-content\/uploads\/2025\/05\/Photo-l-art-est-public-parade-1-scaled.png\",\"contentUrl\":\"https:\/\/www.montpellier2028.eu\/wp-content\/uploads\/2025\/05\/Photo-l-art-est-public-parade-1-scaled.png\",\"width\":2560,\"height\":1400},{\"@type\":\"BreadcrumbList\",\"@id\":\"https:\/\/www.montpellier2028.eu\/en\/projets\/message-from-bethlehem\/#breadcrumb\",\"itemListElement\":[{\"@type\":\"ListItem\",\"position\":1,\"name\":\"Home\",\"item\":\"https:\/\/www.montpellier2028.eu\/en\/\"},{\"@type\":\"ListItem\",\"position\":2,\"name\":\"Projets\",\"item\":\"https:\/\/www.montpellier2028.eu\/en\/projects\/\"},{\"@type\":\"ListItem\",\"position\":3,\"name\":\"L\u2019Art est Public Parade\u00a0: Message from Bethl\u00e9em\"}]},{\"@type\":\"WebSite\",\"@id\":\"https:\/\/www.montpellier2028.eu\/en\/#website\",\"url\":\"https:\/\/www.montpellier2028.eu\/en\/\",\"name\":\"Montpellier 2028\",\"description\":\"Construisons ensemble!\",\"publisher\":{\"@id\":\"https:\/\/www.montpellier2028.eu\/en\/#organization\"},\"potentialAction\":[{\"@type\":\"SearchAction\",\"target\":{\"@type\":\"EntryPoint\",\"urlTemplate\":\"https:\/\/www.montpellier2028.eu\/en\/?s={search_term_string}\"},\"query-input\":{\"@type\":\"PropertyValueSpecification\",\"valueRequired\":true,\"valueName\":\"search_term_string\"}}],\"inLanguage\":\"en-US\"},{\"@type\":\"Organization\",\"@id\":\"https:\/\/www.montpellier2028.eu\/en\/#organization\",\"name\":\"Montpellier 2028\",\"url\":\"https:\/\/www.montpellier2028.eu\/en\/\",\"logo\":{\"@type\":\"ImageObject\",\"inLanguage\":\"en-US\",\"@id\":\"https:\/\/www.montpellier2028.eu\/en\/#\/schema\/logo\/image\/\",\"url\":\"https:\/\/www.montpellier2028.eu\/wp-content\/uploads\/2022\/09\/cropped-small-logo-lg.png\",\"contentUrl\":\"https:\/\/www.montpellier2028.eu\/wp-content\/uploads\/2022\/09\/cropped-small-logo-lg.png\",\"width\":512,\"height\":512,\"caption\":\"Montpellier 2028\"},\"image\":{\"@id\":\"https:\/\/www.montpellier2028.eu\/en\/#\/schema\/logo\/image\/\"},\"sameAs\":[\"https:\/\/www.facebook.com\/montpellier2028\",\"https:\/\/x.com\/mtp2028\",\"https:\/\/www.instagram.com\/montpellier2028\/\",\"https:\/\/www.linkedin.com\/showcase\/montpellier2028\/about\/\"]}]}<\/script>\n<!-- \/ Yoast SEO plugin. -->","yoast_head_json":{"title":"L\u2019Art est Public Parade\u00a0: Message from Bethl\u00e9em - Montpellier 2028","robots":{"index":"index","follow":"follow","max-snippet":"max-snippet:-1","max-image-preview":"max-image-preview:large","max-video-preview":"max-video-preview:-1"},"canonical":"https:\/\/www.montpellier2028.eu\/en\/projets\/message-from-bethlehem\/","og_locale":"en_US","og_type":"article","og_title":"L\u2019Art est Public Parade\u00a0: Message from Bethl\u00e9em - Montpellier 2028","og_description":"Un projet itin\u00e9rant, v\u00e9ritable\u00a0chemin m\u00e9diterran\u00e9en qui relie les cultures et les territoires, en suivant le fil de la Mosson jusqu\u2019au\u00a0Lac [&hellip;]","og_url":"https:\/\/www.montpellier2028.eu\/en\/projets\/message-from-bethlehem\/","og_site_name":"Montpellier 2028","article_publisher":"https:\/\/www.facebook.com\/montpellier2028","article_modified_time":"2025-08-25T07:14:45+00:00","og_image":[{"width":1024,"height":560,"url":"https:\/\/www.montpellier2028.eu\/wp-content\/uploads\/2025\/05\/Photo-l-art-est-public-parade-1-1024x560.png","type":"image\/png"}],"twitter_card":"summary_large_image","twitter_site":"@mtp2028","twitter_misc":{"Est. reading time":"1 minute"},"schema":{"@context":"https:\/\/schema.org","@graph":[{"@type":"WebPage","@id":"https:\/\/www.montpellier2028.eu\/en\/projets\/message-from-bethlehem\/","url":"https:\/\/www.montpellier2028.eu\/en\/projets\/message-from-bethlehem\/","name":"L\u2019Art est Public Parade\u00a0: Message from Bethl\u00e9em - Montpellier 2028","isPartOf":{"@id":"https:\/\/www.montpellier2028.eu\/en\/#website"},"primaryImageOfPage":{"@id":"https:\/\/www.montpellier2028.eu\/en\/projets\/message-from-bethlehem\/#primaryimage"},"image":{"@id":"https:\/\/www.montpellier2028.eu\/en\/projets\/message-from-bethlehem\/#primaryimage"},"thumbnailUrl":"https:\/\/www.montpellier2028.eu\/wp-content\/uploads\/2025\/05\/Photo-l-art-est-public-parade-1-scaled.png","datePublished":"2025-05-26T10:25:15+00:00","dateModified":"2025-08-25T07:14:45+00:00","breadcrumb":{"@id":"https:\/\/www.montpellier2028.eu\/en\/projets\/message-from-bethlehem\/#breadcrumb"},"inLanguage":"en-US","potentialAction":[{"@type":"ReadAction","target":["https:\/\/www.montpellier2028.eu\/en\/projets\/message-from-bethlehem\/"]}]},{"@type":"ImageObject","inLanguage":"en-US","@id":"https:\/\/www.montpellier2028.eu\/en\/projets\/message-from-bethlehem\/#primaryimage","url":"https:\/\/www.montpellier2028.eu\/wp-content\/uploads\/2025\/05\/Photo-l-art-est-public-parade-1-scaled.png","contentUrl":"https:\/\/www.montpellier2028.eu\/wp-content\/uploads\/2025\/05\/Photo-l-art-est-public-parade-1-scaled.png","width":2560,"height":1400},{"@type":"BreadcrumbList","@id":"https:\/\/www.montpellier2028.eu\/en\/projets\/message-from-bethlehem\/#breadcrumb","itemListElement":[{"@type":"ListItem","position":1,"name":"Home","item":"https:\/\/www.montpellier2028.eu\/en\/"},{"@type":"ListItem","position":2,"name":"Projets","item":"https:\/\/www.montpellier2028.eu\/en\/projects\/"},{"@type":"ListItem","position":3,"name":"L\u2019Art est Public Parade\u00a0: Message from Bethl\u00e9em"}]},{"@type":"WebSite","@id":"https:\/\/www.montpellier2028.eu\/en\/#website","url":"https:\/\/www.montpellier2028.eu\/en\/","name":"Montpellier 2028","description":"Construisons ensemble!","publisher":{"@id":"https:\/\/www.montpellier2028.eu\/en\/#organization"},"potentialAction":[{"@type":"SearchAction","target":{"@type":"EntryPoint","urlTemplate":"https:\/\/www.montpellier2028.eu\/en\/?s={search_term_string}"},"query-input":{"@type":"PropertyValueSpecification","valueRequired":true,"valueName":"search_term_string"}}],"inLanguage":"en-US"},{"@type":"Organization","@id":"https:\/\/www.montpellier2028.eu\/en\/#organization","name":"Montpellier 2028","url":"https:\/\/www.montpellier2028.eu\/en\/","logo":{"@type":"ImageObject","inLanguage":"en-US","@id":"https:\/\/www.montpellier2028.eu\/en\/#\/schema\/logo\/image\/","url":"https:\/\/www.montpellier2028.eu\/wp-content\/uploads\/2022\/09\/cropped-small-logo-lg.png","contentUrl":"https:\/\/www.montpellier2028.eu\/wp-content\/uploads\/2022\/09\/cropped-small-logo-lg.png","width":512,"height":512,"caption":"Montpellier 2028"},"image":{"@id":"https:\/\/www.montpellier2028.eu\/en\/#\/schema\/logo\/image\/"},"sameAs":["https:\/\/www.facebook.com\/montpellier2028","https:\/\/x.com\/mtp2028","https:\/\/www.instagram.com\/montpellier2028\/","https:\/\/www.linkedin.com\/showcase\/montpellier2028\/about\/"]}]}},"_links":{"self":[{"href":"https:\/\/www.montpellier2028.eu\/en\/wp-json\/wp\/v2\/project\/8527","targetHints":{"allow":["GET"]}}],"collection":[{"href":"https:\/\/www.montpellier2028.eu\/en\/wp-json\/wp\/v2\/project"}],"about":[{"href":"https:\/\/www.montpellier2028.eu\/en\/wp-json\/wp\/v2\/types\/project"}],"author":[{"embeddable":true,"href":"https:\/\/www.montpellier2028.eu\/en\/wp-json\/wp\/v2\/users\/8"}],"version-history":[{"count":8,"href":"https:\/\/www.montpellier2028.eu\/en\/wp-json\/wp\/v2\/project\/8527\/revisions"}],"predecessor-version":[{"id":9434,"href":"https:\/\/www.montpellier2028.eu\/en\/wp-json\/wp\/v2\/project\/8527\/revisions\/9434"}],"wp:featuredmedia":[{"embeddable":true,"href":"https:\/\/www.montpellier2028.eu\/en\/wp-json\/wp\/v2\/media\/8915"}],"wp:attachment":[{"href":"https:\/\/www.montpellier2028.eu\/en\/wp-json\/wp\/v2\/media?parent=8527"}],"wp:term":[{"taxonomy":"projectcat","embeddable":true,"href":"https:\/\/www.montpellier2028.eu\/en\/wp-json\/wp\/v2\/projectcat?post=8527"},{"taxonomy":"audience","embeddable":true,"href":"https:\/\/www.montpellier2028.eu\/en\/wp-json\/wp\/v2\/audience?post=8527"},{"taxonomy":"geozone","embeddable":true,"href":"https:\/\/www.montpellier2028.eu\/en\/wp-json\/wp\/v2\/geozone?post=8527"},{"taxonomy":"edition","embeddable":true,"href":"https:\/\/www.montpellier2028.eu\/en\/wp-json\/wp\/v2\/edition?post=8527"}],"curies":[{"name":"wp","href":"https:\/\/api.w.org\/{rel}","templated":true}]}}

L’Art est Public Parade : Message from Bethléem

<p>Un projet itinérant, véritable chemin méditerranéen qui relie les cultures et les territoires, en suivant le fil de la Mosson jusqu’au Lac des Garrigues.<br><br>De juillet à octobre 2025, <strong>le percussionniste palestinien Yanal Staiti s’installe en résidence au sein d’UNi’SONS, pour une aventure artistique et humaine inédite</strong>. Pendant trois mois, il animera des ateliers de percussions ouverts aux familles, au grand public, ainsi que des master classes à destination des musiciens locaux.</p>



<p><strong>Ce parcours artistique aboutira à une grande parade festive, le samedi 4 octobre, qui déambulera d’UNi’SONS jusqu’au Lac des Garrigues.</strong><br>Un temps fort, symbole d’un vivre-ensemble en mouvement, où les sons de la Mosson entreront en résonance avec ceux de la Palestine<br></p>

<p>Un projet itinérant, véritable chemin méditerranéen qui relie les cultures et les territoires, en suivant le fil de la Mosson jusqu’au Lac [&hellip;]</p>

<!-- This site is optimized with the Yoast SEO plugin v24.8 - https://yoast.com/wordpress/plugins/seo/ -->
<title>L’Art est Public Parade : Message from Bethléem - Montpellier 2028</title>
<meta name="robots" content="index, follow, max-snippet:-1, max-image-preview:large, max-video-preview:-1" />
<link rel="canonical" href="https://www.montpellier2028.eu/en/projets/message-from-bethlehem/" />
<meta property="og:locale" content="en_US" />
<meta property="og:type" content="article" />
<meta property="og:title" content="L’Art est Public Parade : Message from Bethléem - Montpellier 2028" />
<meta property="og:description" content="Un projet itinérant, véritable chemin méditerranéen qui relie les cultures et les territoires, en suivant le fil de la Mosson jusqu’au Lac [&hellip;]" />
<meta property="og:url" content="https://www.montpellier2028.eu/en/projets/message-from-bethlehem/" />
<meta property="og:site_name" content="Montpellier 2028" />
<meta property="article:publisher" content="https://www.facebook.com/montpellier2028" />
<meta property="article:modified_time" content="2025-08-25T07:14:45+00:00" />
<meta property="og:image" content="https://www.montpellier2028.eu/wp-content/uploads/2025/05/Photo-l-art-est-public-parade-1-1024x560.png" />
	<meta property="og:image:width" content="1024" />
	<meta property="og:image:height" content="560" />
	<meta property="og:image:type" content="image/png" />
<meta name="twitter:card" content="summary_large_image" />
<meta name="twitter:site" content="@mtp2028" />
<meta name="twitter:label1" content="Est. reading time" />
	<meta name="twitter:data1" content="1 minute" />
<script type="application/ld+json" class="yoast-schema-graph">{"@context":"https://schema.org","@graph":[{"@type":"WebPage","@id":"https://www.montpellier2028.eu/en/projets/message-from-bethlehem/","url":"https://www.montpellier2028.eu/en/projets/message-from-bethlehem/","name":"L’Art est Public Parade : Message from Bethléem - Montpellier 2028","isPartOf":{"@id":"https://www.montpellier2028.eu/en/#website"},"primaryImageOfPage":{"@id":"https://www.montpellier2028.eu/en/projets/message-from-bethlehem/#primaryimage"},"image":{"@id":"https://www.montpellier2028.eu/en/projets/message-from-bethlehem/#primaryimage"},"thumbnailUrl":"https://www.montpellier2028.eu/wp-content/uploads/2025/05/Photo-l-art-est-public-parade-1-scaled.png","datePublished":"2025-05-26T10:25:15+00:00","dateModified":"2025-08-25T07:14:45+00:00","breadcrumb":{"@id":"https://www.montpellier2028.eu/en/projets/message-from-bethlehem/#breadcrumb"},"inLanguage":"en-US","potentialAction":[{"@type":"ReadAction","target":["https://www.montpellier2028.eu/en/projets/message-from-bethlehem/"]}]},{"@type":"ImageObject","inLanguage":"en-US","@id":"https://www.montpellier2028.eu/en/projets/message-from-bethlehem/#primaryimage","url":"https://www.montpellier2028.eu/wp-content/uploads/2025/05/Photo-l-art-est-public-parade-1-scaled.png","contentUrl":"https://www.montpellier2028.eu/wp-content/uploads/2025/05/Photo-l-art-est-public-parade-1-scaled.png","width":2560,"height":1400},{"@type":"BreadcrumbList","@id":"https://www.montpellier2028.eu/en/projets/message-from-bethlehem/#breadcrumb","itemListElement":[{"@type":"ListItem","position":1,"name":"Home","item":"https://www.montpellier2028.eu/en/"},{"@type":"ListItem","position":2,"name":"Projets","item":"https://www.montpellier2028.eu/en/projects/"},{"@type":"ListItem","position":3,"name":"L’Art est Public Parade : Message from Bethléem"}]},{"@type":"WebSite","@id":"https://www.montpellier2028.eu/en/#website","url":"https://www.montpellier2028.eu/en/","name":"Montpellier 2028","description":"Construisons ensemble!","publisher":{"@id":"https://www.montpellier2028.eu/en/#organization"},"potentialAction":[{"@type":"SearchAction","target":{"@type":"EntryPoint","urlTemplate":"https://www.montpellier2028.eu/en/?s={search_term_string}"},"query-input":{"@type":"PropertyValueSpecification","valueRequired":true,"valueName":"search_term_string"}}],"inLanguage":"en-US"},{"@type":"Organization","@id":"https://www.montpellier2028.eu/en/#organization","name":"Montpellier 2028","url":"https://www.montpellier2028.eu/en/","logo":{"@type":"ImageObject","inLanguage":"en-US","@id":"https://www.montpellier2028.eu/en/#/schema/logo/image/","url":"https://www.montpellier2028.eu/wp-content/uploads/2022/09/cropped-small-logo-lg.png","contentUrl":"https://www.montpellier2028.eu/wp-content/uploads/2022/09/cropped-small-logo-lg.png","width":512,"height":512,"caption":"Montpellier 2028"},"image":{"@id":"https://www.montpellier2028.eu/en/#/schema/logo/image/"},"sameAs":["https://www.facebook.com/montpellier2028","https://x.com/mtp2028","https://www.instagram.com/montpellier2028/","https://www.linkedin.com/showcase/montpellier2028/about/"]}]}</script>
<!-- / Yoast SEO plugin. -->

L’Art est Public Parade : Message from Bethléem - Montpellier 2028

Un projet itinérant, véritable chemin méditerranéen qui relie les cultures et les territoires, en suivant le fil de la Mosson jusqu’au Lac [&hellip;]
