{"id":8533,"date":"2025-05-30T09:53:36","date_gmt":"2025-05-30T07:53:36","guid":{"rendered":"https:\/\/www.montpellier2028.eu\/?post_type=project&#038;p=8533"},"modified":"2025-07-24T16:11:28","modified_gmt":"2025-07-24T14:11:28","slug":"vivants-impact-societal-et-dimension-politique","status":"publish","type":"project","link":"https:\/\/www.montpellier2028.eu\/en\/projets\/vivants-impact-societal-et-dimension-politique\/","title":{"rendered":"VIVANTS, Impact soci\u00e9tal et dimension politique"},"content":{"rendered":"\n<p>Quels r\u00e9cits, quelles \u0153uvres pour questionner les dimensions multiculturelles, promouvoir le dialogue inter-esp\u00e8ces, explorer les imaginaires li\u00e9s \u00e0 une cartographie des flux et des paysages imaginaires, contribuer \u00e0 un changement de paradigme sur notre relation au vivant et replacer notre fragile humanit\u00e9 au sein du vivant ? <\/p>\n\n\n\n<p>Une programmation en espaces publics, pluridisciplinaire, sur plusieurs territoires de la m\u00e9tropole de Montpellier.<br><\/p>\n\n\n\n<p><\/p>\n","protected":false},"excerpt":{"rendered":"<p>Quels r\u00e9cits, quelles \u0153uvres pour questionner les dimensions multiculturelles, promouvoir le dialogue inter-esp\u00e8ces, explorer les imaginaires li\u00e9s \u00e0 une cartographie [&hellip;]<\/p>\n","protected":false},"author":8,"featured_media":9189,"parent":0,"template":"","format":"standard","meta":{"_acf_changed":false,"footnotes":""},"projectcat":[49,10,52],"audience":[13],"geozone":[76],"edition":[95],"class_list":["post-8533","project","type-project","status-publish","format-standard","has-post-thumbnail","hentry","projectcat-espace-public","projectcat-exposition","projectcat-representation","audience-tout-public","geozone-montpellier-mediterranee-metropole","edition-95"],"acf":[],"yoast_head":"<!-- This site is optimized with the Yoast SEO plugin v24.8 - https:\/\/yoast.com\/wordpress\/plugins\/seo\/ -->\n<title>VIVANTS, Impact soci\u00e9tal et dimension politique - Montpellier 2028<\/title>\n<meta name=\"robots\" content=\"index, follow, max-snippet:-1, max-image-preview:large, max-video-preview:-1\" \/>\n<link rel=\"canonical\" href=\"https:\/\/www.montpellier2028.eu\/en\/projets\/vivants-impact-societal-et-dimension-politique\/\" \/>\n<meta property=\"og:locale\" content=\"en_US\" \/>\n<meta property=\"og:type\" content=\"article\" \/>\n<meta property=\"og:title\" content=\"VIVANTS, Impact soci\u00e9tal et dimension politique - Montpellier 2028\" \/>\n<meta property=\"og:description\" content=\"Quels r\u00e9cits, quelles \u0153uvres pour questionner les dimensions multiculturelles, promouvoir le dialogue inter-esp\u00e8ces, explorer les imaginaires li\u00e9s \u00e0 une cartographie [&hellip;]\" \/>\n<meta property=\"og:url\" content=\"https:\/\/www.montpellier2028.eu\/en\/projets\/vivants-impact-societal-et-dimension-politique\/\" \/>\n<meta property=\"og:site_name\" content=\"Montpellier 2028\" \/>\n<meta property=\"article:publisher\" content=\"https:\/\/www.facebook.com\/montpellier2028\" \/>\n<meta property=\"article:modified_time\" content=\"2025-07-24T14:11:28+00:00\" \/>\n<meta property=\"og:image\" content=\"https:\/\/www.montpellier2028.eu\/wp-content\/uploads\/2025\/05\/Une-ile-nue_Tempe-Storm-Cole_82-scaled.jpg\" \/>\n\t<meta property=\"og:image:width\" content=\"2048\" \/>\n\t<meta property=\"og:image:height\" content=\"2560\" \/>\n\t<meta property=\"og:image:type\" content=\"image\/jpeg\" \/>\n<meta name=\"twitter:card\" content=\"summary_large_image\" \/>\n<meta name=\"twitter:site\" content=\"@mtp2028\" \/>\n<meta name=\"twitter:label1\" content=\"Est. reading time\" \/>\n\t<meta name=\"twitter:data1\" content=\"1 minute\" \/>\n<script type=\"application\/ld+json\" class=\"yoast-schema-graph\">{\"@context\":\"https:\/\/schema.org\",\"@graph\":[{\"@type\":\"WebPage\",\"@id\":\"https:\/\/www.montpellier2028.eu\/en\/projets\/vivants-impact-societal-et-dimension-politique\/\",\"url\":\"https:\/\/www.montpellier2028.eu\/en\/projets\/vivants-impact-societal-et-dimension-politique\/\",\"name\":\"VIVANTS, Impact soci\u00e9tal et dimension politique - Montpellier 2028\",\"isPartOf\":{\"@id\":\"https:\/\/www.montpellier2028.eu\/en\/#website\"},\"primaryImageOfPage\":{\"@id\":\"https:\/\/www.montpellier2028.eu\/en\/projets\/vivants-impact-societal-et-dimension-politique\/#primaryimage\"},\"image\":{\"@id\":\"https:\/\/www.montpellier2028.eu\/en\/projets\/vivants-impact-societal-et-dimension-politique\/#primaryimage\"},\"thumbnailUrl\":\"https:\/\/www.montpellier2028.eu\/wp-content\/uploads\/2025\/05\/Une-ile-nue_Tempe-Storm-Cole_82-scaled.jpg\",\"datePublished\":\"2025-05-30T07:53:36+00:00\",\"dateModified\":\"2025-07-24T14:11:28+00:00\",\"breadcrumb\":{\"@id\":\"https:\/\/www.montpellier2028.eu\/en\/projets\/vivants-impact-societal-et-dimension-politique\/#breadcrumb\"},\"inLanguage\":\"en-US\",\"potentialAction\":[{\"@type\":\"ReadAction\",\"target\":[\"https:\/\/www.montpellier2028.eu\/en\/projets\/vivants-impact-societal-et-dimension-politique\/\"]}]},{\"@type\":\"ImageObject\",\"inLanguage\":\"en-US\",\"@id\":\"https:\/\/www.montpellier2028.eu\/en\/projets\/vivants-impact-societal-et-dimension-politique\/#primaryimage\",\"url\":\"https:\/\/www.montpellier2028.eu\/wp-content\/uploads\/2025\/05\/Une-ile-nue_Tempe-Storm-Cole_82-scaled.jpg\",\"contentUrl\":\"https:\/\/www.montpellier2028.eu\/wp-content\/uploads\/2025\/05\/Une-ile-nue_Tempe-Storm-Cole_82-scaled.jpg\",\"width\":2048,\"height\":2560},{\"@type\":\"BreadcrumbList\",\"@id\":\"https:\/\/www.montpellier2028.eu\/en\/projets\/vivants-impact-societal-et-dimension-politique\/#breadcrumb\",\"itemListElement\":[{\"@type\":\"ListItem\",\"position\":1,\"name\":\"Home\",\"item\":\"https:\/\/www.montpellier2028.eu\/en\/\"},{\"@type\":\"ListItem\",\"position\":2,\"name\":\"Projets\",\"item\":\"https:\/\/www.montpellier2028.eu\/en\/projects\/\"},{\"@type\":\"ListItem\",\"position\":3,\"name\":\"VIVANTS, Impact soci\u00e9tal et dimension politique\"}]},{\"@type\":\"WebSite\",\"@id\":\"https:\/\/www.montpellier2028.eu\/en\/#website\",\"url\":\"https:\/\/www.montpellier2028.eu\/en\/\",\"name\":\"Montpellier 2028\",\"description\":\"Construisons ensemble!\",\"publisher\":{\"@id\":\"https:\/\/www.montpellier2028.eu\/en\/#organization\"},\"potentialAction\":[{\"@type\":\"SearchAction\",\"target\":{\"@type\":\"EntryPoint\",\"urlTemplate\":\"https:\/\/www.montpellier2028.eu\/en\/?s={search_term_string}\"},\"query-input\":{\"@type\":\"PropertyValueSpecification\",\"valueRequired\":true,\"valueName\":\"search_term_string\"}}],\"inLanguage\":\"en-US\"},{\"@type\":\"Organization\",\"@id\":\"https:\/\/www.montpellier2028.eu\/en\/#organization\",\"name\":\"Montpellier 2028\",\"url\":\"https:\/\/www.montpellier2028.eu\/en\/\",\"logo\":{\"@type\":\"ImageObject\",\"inLanguage\":\"en-US\",\"@id\":\"https:\/\/www.montpellier2028.eu\/en\/#\/schema\/logo\/image\/\",\"url\":\"https:\/\/www.montpellier2028.eu\/wp-content\/uploads\/2022\/09\/cropped-small-logo-lg.png\",\"contentUrl\":\"https:\/\/www.montpellier2028.eu\/wp-content\/uploads\/2022\/09\/cropped-small-logo-lg.png\",\"width\":512,\"height\":512,\"caption\":\"Montpellier 2028\"},\"image\":{\"@id\":\"https:\/\/www.montpellier2028.eu\/en\/#\/schema\/logo\/image\/\"},\"sameAs\":[\"https:\/\/www.facebook.com\/montpellier2028\",\"https:\/\/x.com\/mtp2028\",\"https:\/\/www.instagram.com\/montpellier2028\/\",\"https:\/\/www.linkedin.com\/showcase\/montpellier2028\/about\/\"]}]}<\/script>\n<!-- \/ Yoast SEO plugin. -->","yoast_head_json":{"title":"VIVANTS, Impact soci\u00e9tal et dimension politique - Montpellier 2028","robots":{"index":"index","follow":"follow","max-snippet":"max-snippet:-1","max-image-preview":"max-image-preview:large","max-video-preview":"max-video-preview:-1"},"canonical":"https:\/\/www.montpellier2028.eu\/en\/projets\/vivants-impact-societal-et-dimension-politique\/","og_locale":"en_US","og_type":"article","og_title":"VIVANTS, Impact soci\u00e9tal et dimension politique - Montpellier 2028","og_description":"Quels r\u00e9cits, quelles \u0153uvres pour questionner les dimensions multiculturelles, promouvoir le dialogue inter-esp\u00e8ces, explorer les imaginaires li\u00e9s \u00e0 une cartographie [&hellip;]","og_url":"https:\/\/www.montpellier2028.eu\/en\/projets\/vivants-impact-societal-et-dimension-politique\/","og_site_name":"Montpellier 2028","article_publisher":"https:\/\/www.facebook.com\/montpellier2028","article_modified_time":"2025-07-24T14:11:28+00:00","og_image":[{"width":2048,"height":2560,"url":"https:\/\/www.montpellier2028.eu\/wp-content\/uploads\/2025\/05\/Une-ile-nue_Tempe-Storm-Cole_82-scaled.jpg","type":"image\/jpeg"}],"twitter_card":"summary_large_image","twitter_site":"@mtp2028","twitter_misc":{"Est. reading time":"1 minute"},"schema":{"@context":"https:\/\/schema.org","@graph":[{"@type":"WebPage","@id":"https:\/\/www.montpellier2028.eu\/en\/projets\/vivants-impact-societal-et-dimension-politique\/","url":"https:\/\/www.montpellier2028.eu\/en\/projets\/vivants-impact-societal-et-dimension-politique\/","name":"VIVANTS, Impact soci\u00e9tal et dimension politique - Montpellier 2028","isPartOf":{"@id":"https:\/\/www.montpellier2028.eu\/en\/#website"},"primaryImageOfPage":{"@id":"https:\/\/www.montpellier2028.eu\/en\/projets\/vivants-impact-societal-et-dimension-politique\/#primaryimage"},"image":{"@id":"https:\/\/www.montpellier2028.eu\/en\/projets\/vivants-impact-societal-et-dimension-politique\/#primaryimage"},"thumbnailUrl":"https:\/\/www.montpellier2028.eu\/wp-content\/uploads\/2025\/05\/Une-ile-nue_Tempe-Storm-Cole_82-scaled.jpg","datePublished":"2025-05-30T07:53:36+00:00","dateModified":"2025-07-24T14:11:28+00:00","breadcrumb":{"@id":"https:\/\/www.montpellier2028.eu\/en\/projets\/vivants-impact-societal-et-dimension-politique\/#breadcrumb"},"inLanguage":"en-US","potentialAction":[{"@type":"ReadAction","target":["https:\/\/www.montpellier2028.eu\/en\/projets\/vivants-impact-societal-et-dimension-politique\/"]}]},{"@type":"ImageObject","inLanguage":"en-US","@id":"https:\/\/www.montpellier2028.eu\/en\/projets\/vivants-impact-societal-et-dimension-politique\/#primaryimage","url":"https:\/\/www.montpellier2028.eu\/wp-content\/uploads\/2025\/05\/Une-ile-nue_Tempe-Storm-Cole_82-scaled.jpg","contentUrl":"https:\/\/www.montpellier2028.eu\/wp-content\/uploads\/2025\/05\/Une-ile-nue_Tempe-Storm-Cole_82-scaled.jpg","width":2048,"height":2560},{"@type":"BreadcrumbList","@id":"https:\/\/www.montpellier2028.eu\/en\/projets\/vivants-impact-societal-et-dimension-politique\/#breadcrumb","itemListElement":[{"@type":"ListItem","position":1,"name":"Home","item":"https:\/\/www.montpellier2028.eu\/en\/"},{"@type":"ListItem","position":2,"name":"Projets","item":"https:\/\/www.montpellier2028.eu\/en\/projects\/"},{"@type":"ListItem","position":3,"name":"VIVANTS, Impact soci\u00e9tal et dimension politique"}]},{"@type":"WebSite","@id":"https:\/\/www.montpellier2028.eu\/en\/#website","url":"https:\/\/www.montpellier2028.eu\/en\/","name":"Montpellier 2028","description":"Construisons ensemble!","publisher":{"@id":"https:\/\/www.montpellier2028.eu\/en\/#organization"},"potentialAction":[{"@type":"SearchAction","target":{"@type":"EntryPoint","urlTemplate":"https:\/\/www.montpellier2028.eu\/en\/?s={search_term_string}"},"query-input":{"@type":"PropertyValueSpecification","valueRequired":true,"valueName":"search_term_string"}}],"inLanguage":"en-US"},{"@type":"Organization","@id":"https:\/\/www.montpellier2028.eu\/en\/#organization","name":"Montpellier 2028","url":"https:\/\/www.montpellier2028.eu\/en\/","logo":{"@type":"ImageObject","inLanguage":"en-US","@id":"https:\/\/www.montpellier2028.eu\/en\/#\/schema\/logo\/image\/","url":"https:\/\/www.montpellier2028.eu\/wp-content\/uploads\/2022\/09\/cropped-small-logo-lg.png","contentUrl":"https:\/\/www.montpellier2028.eu\/wp-content\/uploads\/2022\/09\/cropped-small-logo-lg.png","width":512,"height":512,"caption":"Montpellier 2028"},"image":{"@id":"https:\/\/www.montpellier2028.eu\/en\/#\/schema\/logo\/image\/"},"sameAs":["https:\/\/www.facebook.com\/montpellier2028","https:\/\/x.com\/mtp2028","https:\/\/www.instagram.com\/montpellier2028\/","https:\/\/www.linkedin.com\/showcase\/montpellier2028\/about\/"]}]}},"_links":{"self":[{"href":"https:\/\/www.montpellier2028.eu\/en\/wp-json\/wp\/v2\/project\/8533","targetHints":{"allow":["GET"]}}],"collection":[{"href":"https:\/\/www.montpellier2028.eu\/en\/wp-json\/wp\/v2\/project"}],"about":[{"href":"https:\/\/www.montpellier2028.eu\/en\/wp-json\/wp\/v2\/types\/project"}],"author":[{"embeddable":true,"href":"https:\/\/www.montpellier2028.eu\/en\/wp-json\/wp\/v2\/users\/8"}],"version-history":[{"count":8,"href":"https:\/\/www.montpellier2028.eu\/en\/wp-json\/wp\/v2\/project\/8533\/revisions"}],"predecessor-version":[{"id":9217,"href":"https:\/\/www.montpellier2028.eu\/en\/wp-json\/wp\/v2\/project\/8533\/revisions\/9217"}],"wp:featuredmedia":[{"embeddable":true,"href":"https:\/\/www.montpellier2028.eu\/en\/wp-json\/wp\/v2\/media\/9189"}],"wp:attachment":[{"href":"https:\/\/www.montpellier2028.eu\/en\/wp-json\/wp\/v2\/media?parent=8533"}],"wp:term":[{"taxonomy":"projectcat","embeddable":true,"href":"https:\/\/www.montpellier2028.eu\/en\/wp-json\/wp\/v2\/projectcat?post=8533"},{"taxonomy":"audience","embeddable":true,"href":"https:\/\/www.montpellier2028.eu\/en\/wp-json\/wp\/v2\/audience?post=8533"},{"taxonomy":"geozone","embeddable":true,"href":"https:\/\/www.montpellier2028.eu\/en\/wp-json\/wp\/v2\/geozone?post=8533"},{"taxonomy":"edition","embeddable":true,"href":"https:\/\/www.montpellier2028.eu\/en\/wp-json\/wp\/v2\/edition?post=8533"}],"curies":[{"name":"wp","href":"https:\/\/api.w.org\/{rel}","templated":true}]}}

VIVANTS, Impact sociétal et dimension politique

<p>Quels récits, quelles œuvres pour questionner les dimensions multiculturelles, promouvoir le dialogue inter-espèces, explorer les imaginaires liés à une cartographie des flux et des paysages imaginaires, contribuer à un changement de paradigme sur notre relation au vivant et replacer notre fragile humanité au sein du vivant ? </p>



<p>Une programmation en espaces publics, pluridisciplinaire, sur plusieurs territoires de la métropole de Montpellier.<br></p>



<p></p>

<p>Quels récits, quelles œuvres pour questionner les dimensions multiculturelles, promouvoir le dialogue inter-espèces, explorer les imaginaires liés à une cartographie [&hellip;]</p>

<!-- This site is optimized with the Yoast SEO plugin v24.8 - https://yoast.com/wordpress/plugins/seo/ -->
<title>VIVANTS, Impact sociétal et dimension politique - Montpellier 2028</title>
<meta name="robots" content="index, follow, max-snippet:-1, max-image-preview:large, max-video-preview:-1" />
<link rel="canonical" href="https://www.montpellier2028.eu/en/projets/vivants-impact-societal-et-dimension-politique/" />
<meta property="og:locale" content="en_US" />
<meta property="og:type" content="article" />
<meta property="og:title" content="VIVANTS, Impact sociétal et dimension politique - Montpellier 2028" />
<meta property="og:description" content="Quels récits, quelles œuvres pour questionner les dimensions multiculturelles, promouvoir le dialogue inter-espèces, explorer les imaginaires liés à une cartographie [&hellip;]" />
<meta property="og:url" content="https://www.montpellier2028.eu/en/projets/vivants-impact-societal-et-dimension-politique/" />
<meta property="og:site_name" content="Montpellier 2028" />
<meta property="article:publisher" content="https://www.facebook.com/montpellier2028" />
<meta property="article:modified_time" content="2025-07-24T14:11:28+00:00" />
<meta property="og:image" content="https://www.montpellier2028.eu/wp-content/uploads/2025/05/Une-ile-nue_Tempe-Storm-Cole_82-scaled.jpg" />
	<meta property="og:image:width" content="2048" />
	<meta property="og:image:height" content="2560" />
	<meta property="og:image:type" content="image/jpeg" />
<meta name="twitter:card" content="summary_large_image" />
<meta name="twitter:site" content="@mtp2028" />
<meta name="twitter:label1" content="Est. reading time" />
	<meta name="twitter:data1" content="1 minute" />
<script type="application/ld+json" class="yoast-schema-graph">{"@context":"https://schema.org","@graph":[{"@type":"WebPage","@id":"https://www.montpellier2028.eu/en/projets/vivants-impact-societal-et-dimension-politique/","url":"https://www.montpellier2028.eu/en/projets/vivants-impact-societal-et-dimension-politique/","name":"VIVANTS, Impact sociétal et dimension politique - Montpellier 2028","isPartOf":{"@id":"https://www.montpellier2028.eu/en/#website"},"primaryImageOfPage":{"@id":"https://www.montpellier2028.eu/en/projets/vivants-impact-societal-et-dimension-politique/#primaryimage"},"image":{"@id":"https://www.montpellier2028.eu/en/projets/vivants-impact-societal-et-dimension-politique/#primaryimage"},"thumbnailUrl":"https://www.montpellier2028.eu/wp-content/uploads/2025/05/Une-ile-nue_Tempe-Storm-Cole_82-scaled.jpg","datePublished":"2025-05-30T07:53:36+00:00","dateModified":"2025-07-24T14:11:28+00:00","breadcrumb":{"@id":"https://www.montpellier2028.eu/en/projets/vivants-impact-societal-et-dimension-politique/#breadcrumb"},"inLanguage":"en-US","potentialAction":[{"@type":"ReadAction","target":["https://www.montpellier2028.eu/en/projets/vivants-impact-societal-et-dimension-politique/"]}]},{"@type":"ImageObject","inLanguage":"en-US","@id":"https://www.montpellier2028.eu/en/projets/vivants-impact-societal-et-dimension-politique/#primaryimage","url":"https://www.montpellier2028.eu/wp-content/uploads/2025/05/Une-ile-nue_Tempe-Storm-Cole_82-scaled.jpg","contentUrl":"https://www.montpellier2028.eu/wp-content/uploads/2025/05/Une-ile-nue_Tempe-Storm-Cole_82-scaled.jpg","width":2048,"height":2560},{"@type":"BreadcrumbList","@id":"https://www.montpellier2028.eu/en/projets/vivants-impact-societal-et-dimension-politique/#breadcrumb","itemListElement":[{"@type":"ListItem","position":1,"name":"Home","item":"https://www.montpellier2028.eu/en/"},{"@type":"ListItem","position":2,"name":"Projets","item":"https://www.montpellier2028.eu/en/projects/"},{"@type":"ListItem","position":3,"name":"VIVANTS, Impact sociétal et dimension politique"}]},{"@type":"WebSite","@id":"https://www.montpellier2028.eu/en/#website","url":"https://www.montpellier2028.eu/en/","name":"Montpellier 2028","description":"Construisons ensemble!","publisher":{"@id":"https://www.montpellier2028.eu/en/#organization"},"potentialAction":[{"@type":"SearchAction","target":{"@type":"EntryPoint","urlTemplate":"https://www.montpellier2028.eu/en/?s={search_term_string}"},"query-input":{"@type":"PropertyValueSpecification","valueRequired":true,"valueName":"search_term_string"}}],"inLanguage":"en-US"},{"@type":"Organization","@id":"https://www.montpellier2028.eu/en/#organization","name":"Montpellier 2028","url":"https://www.montpellier2028.eu/en/","logo":{"@type":"ImageObject","inLanguage":"en-US","@id":"https://www.montpellier2028.eu/en/#/schema/logo/image/","url":"https://www.montpellier2028.eu/wp-content/uploads/2022/09/cropped-small-logo-lg.png","contentUrl":"https://www.montpellier2028.eu/wp-content/uploads/2022/09/cropped-small-logo-lg.png","width":512,"height":512,"caption":"Montpellier 2028"},"image":{"@id":"https://www.montpellier2028.eu/en/#/schema/logo/image/"},"sameAs":["https://www.facebook.com/montpellier2028","https://x.com/mtp2028","https://www.instagram.com/montpellier2028/","https://www.linkedin.com/showcase/montpellier2028/about/"]}]}</script>
<!-- / Yoast SEO plugin. -->

VIVANTS, Impact sociétal et dimension politique - Montpellier 2028

Quels récits, quelles œuvres pour questionner les dimensions multiculturelles, promouvoir le dialogue inter-espèces, explorer les imaginaires liés à une cartographie [&hellip;]
