{"id":8672,"date":"2025-05-30T17:29:28","date_gmt":"2025-05-30T15:29:28","guid":{"rendered":"https:\/\/www.montpellier2028.eu\/?post_type=project&#038;p=8672"},"modified":"2025-07-04T16:21:35","modified_gmt":"2025-07-04T14:21:35","slug":"le-fil-de-leau","status":"publish","type":"project","link":"https:\/\/www.montpellier2028.eu\/en\/projets\/le-fil-de-leau\/","title":{"rendered":"Le fil de l\u2019eau"},"content":{"rendered":"\n<p><strong>&#8220;Le fil de l&#8217;eau&#8221; est un parcours de m\u00e9diation pour et par des jeunes de 15 \u00e0 25 ans, spectateurs complices de la cr\u00e9ation et ambassadeurs actifs des Chemins du vivant.<\/strong><br><br>En s\u2019appropriant les projets sur le vaste territoire de L\u2019\u00e9v\u00e9nement 25, ces jeunes deviendront des passeurs de culture. Ils vont rencontrer des artistes en r\u00e9sidence, visiter des lieux patrimoniaux, arpenter des espaces naturels, \u00e9changer avec des professionnels du secteur de la culture en r\u00e9sonance avec des acteurs du tourisme, de la recherche ou encore de la sant\u00e9. <\/p>\n\n\n\n<p>Ainsi plong\u00e9s dans des processus cr\u00e9atifs vari\u00e9s, ils donneront une voix \u00e0 leur exp\u00e9rience en pr\u00e9sentant leurs collectes et leurs t\u00e9moignages sous divers formats artistiques.<\/p>\n\n\n\n<p>\u2192 Lire l&#8217;article : <strong><a href=\"https:\/\/ipeicc.com\/actualite\/participation-creation-rencontres-i-peicc-a-la-fete-du-lac\" target=\"_blank\" rel=\"noreferrer noopener\">Participation, cr\u00e9ation, rencontre M28 : i.PEICC \u00e0 la F\u00eate du Lac<\/a><\/strong><\/p>\n","protected":false},"excerpt":{"rendered":"<p>&#8220;Le fil de l&#8217;eau&#8221; est un parcours de m\u00e9diation pour et par des jeunes de 15 \u00e0 25 ans, spectateurs [&hellip;]<\/p>\n","protected":false},"author":8,"featured_media":8817,"parent":0,"template":"","format":"standard","meta":{"_acf_changed":false,"footnotes":""},"projectcat":[29],"audience":[13],"geozone":[76],"edition":[95],"class_list":["post-8672","project","type-project","status-publish","format-standard","has-post-thumbnail","hentry","projectcat-rencontre","audience-tout-public","geozone-montpellier-mediterranee-metropole","edition-95"],"acf":[],"yoast_head":"<!-- This site is optimized with the Yoast SEO plugin v24.8 - https:\/\/yoast.com\/wordpress\/plugins\/seo\/ -->\n<title>Le fil de l\u2019eau - Montpellier 2028<\/title>\n<meta name=\"robots\" content=\"index, follow, max-snippet:-1, max-image-preview:large, max-video-preview:-1\" \/>\n<link rel=\"canonical\" href=\"https:\/\/www.montpellier2028.eu\/en\/projets\/le-fil-de-leau\/\" \/>\n<meta property=\"og:locale\" content=\"en_US\" \/>\n<meta property=\"og:type\" content=\"article\" \/>\n<meta property=\"og:title\" content=\"Le fil de l\u2019eau - Montpellier 2028\" \/>\n<meta property=\"og:description\" content=\"&#8220;Le fil de l&#8217;eau&#8221; est un parcours de m\u00e9diation pour et par des jeunes de 15 \u00e0 25 ans, spectateurs [&hellip;]\" \/>\n<meta property=\"og:url\" content=\"https:\/\/www.montpellier2028.eu\/en\/projets\/le-fil-de-leau\/\" \/>\n<meta property=\"og:site_name\" content=\"Montpellier 2028\" \/>\n<meta property=\"article:publisher\" content=\"https:\/\/www.facebook.com\/montpellier2028\" \/>\n<meta property=\"article:modified_time\" content=\"2025-07-04T14:21:35+00:00\" \/>\n<meta property=\"og:image\" content=\"https:\/\/www.montpellier2028.eu\/wp-content\/uploads\/2025\/05\/Superbemarche-Ipeicc12-e1749651650754.jpg\" \/>\n\t<meta property=\"og:image:width\" content=\"1512\" \/>\n\t<meta property=\"og:image:height\" content=\"887\" \/>\n\t<meta property=\"og:image:type\" content=\"image\/jpeg\" \/>\n<meta name=\"twitter:card\" content=\"summary_large_image\" \/>\n<meta name=\"twitter:site\" content=\"@mtp2028\" \/>\n<meta name=\"twitter:label1\" content=\"Est. reading time\" \/>\n\t<meta name=\"twitter:data1\" content=\"1 minute\" \/>\n<script type=\"application\/ld+json\" class=\"yoast-schema-graph\">{\"@context\":\"https:\/\/schema.org\",\"@graph\":[{\"@type\":\"WebPage\",\"@id\":\"https:\/\/www.montpellier2028.eu\/en\/projets\/le-fil-de-leau\/\",\"url\":\"https:\/\/www.montpellier2028.eu\/en\/projets\/le-fil-de-leau\/\",\"name\":\"Le fil de l\u2019eau - Montpellier 2028\",\"isPartOf\":{\"@id\":\"https:\/\/www.montpellier2028.eu\/en\/#website\"},\"primaryImageOfPage\":{\"@id\":\"https:\/\/www.montpellier2028.eu\/en\/projets\/le-fil-de-leau\/#primaryimage\"},\"image\":{\"@id\":\"https:\/\/www.montpellier2028.eu\/en\/projets\/le-fil-de-leau\/#primaryimage\"},\"thumbnailUrl\":\"https:\/\/www.montpellier2028.eu\/wp-content\/uploads\/2025\/05\/Superbemarche-Ipeicc12-e1749651650754.jpg\",\"datePublished\":\"2025-05-30T15:29:28+00:00\",\"dateModified\":\"2025-07-04T14:21:35+00:00\",\"breadcrumb\":{\"@id\":\"https:\/\/www.montpellier2028.eu\/en\/projets\/le-fil-de-leau\/#breadcrumb\"},\"inLanguage\":\"en-US\",\"potentialAction\":[{\"@type\":\"ReadAction\",\"target\":[\"https:\/\/www.montpellier2028.eu\/en\/projets\/le-fil-de-leau\/\"]}]},{\"@type\":\"ImageObject\",\"inLanguage\":\"en-US\",\"@id\":\"https:\/\/www.montpellier2028.eu\/en\/projets\/le-fil-de-leau\/#primaryimage\",\"url\":\"https:\/\/www.montpellier2028.eu\/wp-content\/uploads\/2025\/05\/Superbemarche-Ipeicc12-e1749651650754.jpg\",\"contentUrl\":\"https:\/\/www.montpellier2028.eu\/wp-content\/uploads\/2025\/05\/Superbemarche-Ipeicc12-e1749651650754.jpg\",\"width\":1512,\"height\":887},{\"@type\":\"BreadcrumbList\",\"@id\":\"https:\/\/www.montpellier2028.eu\/en\/projets\/le-fil-de-leau\/#breadcrumb\",\"itemListElement\":[{\"@type\":\"ListItem\",\"position\":1,\"name\":\"Home\",\"item\":\"https:\/\/www.montpellier2028.eu\/en\/\"},{\"@type\":\"ListItem\",\"position\":2,\"name\":\"Projets\",\"item\":\"https:\/\/www.montpellier2028.eu\/en\/projects\/\"},{\"@type\":\"ListItem\",\"position\":3,\"name\":\"Le fil de l\u2019eau\"}]},{\"@type\":\"WebSite\",\"@id\":\"https:\/\/www.montpellier2028.eu\/en\/#website\",\"url\":\"https:\/\/www.montpellier2028.eu\/en\/\",\"name\":\"Montpellier 2028\",\"description\":\"Construisons ensemble!\",\"publisher\":{\"@id\":\"https:\/\/www.montpellier2028.eu\/en\/#organization\"},\"potentialAction\":[{\"@type\":\"SearchAction\",\"target\":{\"@type\":\"EntryPoint\",\"urlTemplate\":\"https:\/\/www.montpellier2028.eu\/en\/?s={search_term_string}\"},\"query-input\":{\"@type\":\"PropertyValueSpecification\",\"valueRequired\":true,\"valueName\":\"search_term_string\"}}],\"inLanguage\":\"en-US\"},{\"@type\":\"Organization\",\"@id\":\"https:\/\/www.montpellier2028.eu\/en\/#organization\",\"name\":\"Montpellier 2028\",\"url\":\"https:\/\/www.montpellier2028.eu\/en\/\",\"logo\":{\"@type\":\"ImageObject\",\"inLanguage\":\"en-US\",\"@id\":\"https:\/\/www.montpellier2028.eu\/en\/#\/schema\/logo\/image\/\",\"url\":\"https:\/\/www.montpellier2028.eu\/wp-content\/uploads\/2022\/09\/cropped-small-logo-lg.png\",\"contentUrl\":\"https:\/\/www.montpellier2028.eu\/wp-content\/uploads\/2022\/09\/cropped-small-logo-lg.png\",\"width\":512,\"height\":512,\"caption\":\"Montpellier 2028\"},\"image\":{\"@id\":\"https:\/\/www.montpellier2028.eu\/en\/#\/schema\/logo\/image\/\"},\"sameAs\":[\"https:\/\/www.facebook.com\/montpellier2028\",\"https:\/\/x.com\/mtp2028\",\"https:\/\/www.instagram.com\/montpellier2028\/\",\"https:\/\/www.linkedin.com\/showcase\/montpellier2028\/about\/\"]}]}<\/script>\n<!-- \/ Yoast SEO plugin. -->","yoast_head_json":{"title":"Le fil de l\u2019eau - Montpellier 2028","robots":{"index":"index","follow":"follow","max-snippet":"max-snippet:-1","max-image-preview":"max-image-preview:large","max-video-preview":"max-video-preview:-1"},"canonical":"https:\/\/www.montpellier2028.eu\/en\/projets\/le-fil-de-leau\/","og_locale":"en_US","og_type":"article","og_title":"Le fil de l\u2019eau - Montpellier 2028","og_description":"&#8220;Le fil de l&#8217;eau&#8221; est un parcours de m\u00e9diation pour et par des jeunes de 15 \u00e0 25 ans, spectateurs [&hellip;]","og_url":"https:\/\/www.montpellier2028.eu\/en\/projets\/le-fil-de-leau\/","og_site_name":"Montpellier 2028","article_publisher":"https:\/\/www.facebook.com\/montpellier2028","article_modified_time":"2025-07-04T14:21:35+00:00","og_image":[{"width":1512,"height":887,"url":"https:\/\/www.montpellier2028.eu\/wp-content\/uploads\/2025\/05\/Superbemarche-Ipeicc12-e1749651650754.jpg","type":"image\/jpeg"}],"twitter_card":"summary_large_image","twitter_site":"@mtp2028","twitter_misc":{"Est. reading time":"1 minute"},"schema":{"@context":"https:\/\/schema.org","@graph":[{"@type":"WebPage","@id":"https:\/\/www.montpellier2028.eu\/en\/projets\/le-fil-de-leau\/","url":"https:\/\/www.montpellier2028.eu\/en\/projets\/le-fil-de-leau\/","name":"Le fil de l\u2019eau - Montpellier 2028","isPartOf":{"@id":"https:\/\/www.montpellier2028.eu\/en\/#website"},"primaryImageOfPage":{"@id":"https:\/\/www.montpellier2028.eu\/en\/projets\/le-fil-de-leau\/#primaryimage"},"image":{"@id":"https:\/\/www.montpellier2028.eu\/en\/projets\/le-fil-de-leau\/#primaryimage"},"thumbnailUrl":"https:\/\/www.montpellier2028.eu\/wp-content\/uploads\/2025\/05\/Superbemarche-Ipeicc12-e1749651650754.jpg","datePublished":"2025-05-30T15:29:28+00:00","dateModified":"2025-07-04T14:21:35+00:00","breadcrumb":{"@id":"https:\/\/www.montpellier2028.eu\/en\/projets\/le-fil-de-leau\/#breadcrumb"},"inLanguage":"en-US","potentialAction":[{"@type":"ReadAction","target":["https:\/\/www.montpellier2028.eu\/en\/projets\/le-fil-de-leau\/"]}]},{"@type":"ImageObject","inLanguage":"en-US","@id":"https:\/\/www.montpellier2028.eu\/en\/projets\/le-fil-de-leau\/#primaryimage","url":"https:\/\/www.montpellier2028.eu\/wp-content\/uploads\/2025\/05\/Superbemarche-Ipeicc12-e1749651650754.jpg","contentUrl":"https:\/\/www.montpellier2028.eu\/wp-content\/uploads\/2025\/05\/Superbemarche-Ipeicc12-e1749651650754.jpg","width":1512,"height":887},{"@type":"BreadcrumbList","@id":"https:\/\/www.montpellier2028.eu\/en\/projets\/le-fil-de-leau\/#breadcrumb","itemListElement":[{"@type":"ListItem","position":1,"name":"Home","item":"https:\/\/www.montpellier2028.eu\/en\/"},{"@type":"ListItem","position":2,"name":"Projets","item":"https:\/\/www.montpellier2028.eu\/en\/projects\/"},{"@type":"ListItem","position":3,"name":"Le fil de l\u2019eau"}]},{"@type":"WebSite","@id":"https:\/\/www.montpellier2028.eu\/en\/#website","url":"https:\/\/www.montpellier2028.eu\/en\/","name":"Montpellier 2028","description":"Construisons ensemble!","publisher":{"@id":"https:\/\/www.montpellier2028.eu\/en\/#organization"},"potentialAction":[{"@type":"SearchAction","target":{"@type":"EntryPoint","urlTemplate":"https:\/\/www.montpellier2028.eu\/en\/?s={search_term_string}"},"query-input":{"@type":"PropertyValueSpecification","valueRequired":true,"valueName":"search_term_string"}}],"inLanguage":"en-US"},{"@type":"Organization","@id":"https:\/\/www.montpellier2028.eu\/en\/#organization","name":"Montpellier 2028","url":"https:\/\/www.montpellier2028.eu\/en\/","logo":{"@type":"ImageObject","inLanguage":"en-US","@id":"https:\/\/www.montpellier2028.eu\/en\/#\/schema\/logo\/image\/","url":"https:\/\/www.montpellier2028.eu\/wp-content\/uploads\/2022\/09\/cropped-small-logo-lg.png","contentUrl":"https:\/\/www.montpellier2028.eu\/wp-content\/uploads\/2022\/09\/cropped-small-logo-lg.png","width":512,"height":512,"caption":"Montpellier 2028"},"image":{"@id":"https:\/\/www.montpellier2028.eu\/en\/#\/schema\/logo\/image\/"},"sameAs":["https:\/\/www.facebook.com\/montpellier2028","https:\/\/x.com\/mtp2028","https:\/\/www.instagram.com\/montpellier2028\/","https:\/\/www.linkedin.com\/showcase\/montpellier2028\/about\/"]}]}},"_links":{"self":[{"href":"https:\/\/www.montpellier2028.eu\/en\/wp-json\/wp\/v2\/project\/8672","targetHints":{"allow":["GET"]}}],"collection":[{"href":"https:\/\/www.montpellier2028.eu\/en\/wp-json\/wp\/v2\/project"}],"about":[{"href":"https:\/\/www.montpellier2028.eu\/en\/wp-json\/wp\/v2\/types\/project"}],"author":[{"embeddable":true,"href":"https:\/\/www.montpellier2028.eu\/en\/wp-json\/wp\/v2\/users\/8"}],"version-history":[{"count":5,"href":"https:\/\/www.montpellier2028.eu\/en\/wp-json\/wp\/v2\/project\/8672\/revisions"}],"predecessor-version":[{"id":9055,"href":"https:\/\/www.montpellier2028.eu\/en\/wp-json\/wp\/v2\/project\/8672\/revisions\/9055"}],"wp:featuredmedia":[{"embeddable":true,"href":"https:\/\/www.montpellier2028.eu\/en\/wp-json\/wp\/v2\/media\/8817"}],"wp:attachment":[{"href":"https:\/\/www.montpellier2028.eu\/en\/wp-json\/wp\/v2\/media?parent=8672"}],"wp:term":[{"taxonomy":"projectcat","embeddable":true,"href":"https:\/\/www.montpellier2028.eu\/en\/wp-json\/wp\/v2\/projectcat?post=8672"},{"taxonomy":"audience","embeddable":true,"href":"https:\/\/www.montpellier2028.eu\/en\/wp-json\/wp\/v2\/audience?post=8672"},{"taxonomy":"geozone","embeddable":true,"href":"https:\/\/www.montpellier2028.eu\/en\/wp-json\/wp\/v2\/geozone?post=8672"},{"taxonomy":"edition","embeddable":true,"href":"https:\/\/www.montpellier2028.eu\/en\/wp-json\/wp\/v2\/edition?post=8672"}],"curies":[{"name":"wp","href":"https:\/\/api.w.org\/{rel}","templated":true}]}}

<p><strong>&#8220;Le fil de l&#8217;eau&#8221; est un parcours de médiation pour et par des jeunes de 15 à 25 ans, spectateurs complices de la création et ambassadeurs actifs des Chemins du vivant.</strong><br><br>En s’appropriant les projets sur le vaste territoire de L’événement 25, ces jeunes deviendront des passeurs de culture. Ils vont rencontrer des artistes en résidence, visiter des lieux patrimoniaux, arpenter des espaces naturels, échanger avec des professionnels du secteur de la culture en résonance avec des acteurs du tourisme, de la recherche ou encore de la santé. </p>



<p>Ainsi plongés dans des processus créatifs variés, ils donneront une voix à leur expérience en présentant leurs collectes et leurs témoignages sous divers formats artistiques.</p>



<p>→ Lire l&#8217;article : <strong><a href="https://ipeicc.com/actualite/participation-creation-rencontres-i-peicc-a-la-fete-du-lac" target="_blank" rel="noreferrer noopener">Participation, création, rencontre M28 : i.PEICC à la Fête du Lac</a></strong></p>

<p>&#8220;Le fil de l&#8217;eau&#8221; est un parcours de médiation pour et par des jeunes de 15 à 25 ans, spectateurs [&hellip;]</p>

<!-- This site is optimized with the Yoast SEO plugin v24.8 - https://yoast.com/wordpress/plugins/seo/ -->
<title>Le fil de l’eau - Montpellier 2028</title>
<meta name="robots" content="index, follow, max-snippet:-1, max-image-preview:large, max-video-preview:-1" />
<link rel="canonical" href="https://www.montpellier2028.eu/en/projets/le-fil-de-leau/" />
<meta property="og:locale" content="en_US" />
<meta property="og:type" content="article" />
<meta property="og:title" content="Le fil de l’eau - Montpellier 2028" />
<meta property="og:description" content="&#8220;Le fil de l&#8217;eau&#8221; est un parcours de médiation pour et par des jeunes de 15 à 25 ans, spectateurs [&hellip;]" />
<meta property="og:url" content="https://www.montpellier2028.eu/en/projets/le-fil-de-leau/" />
<meta property="og:site_name" content="Montpellier 2028" />
<meta property="article:publisher" content="https://www.facebook.com/montpellier2028" />
<meta property="article:modified_time" content="2025-07-04T14:21:35+00:00" />
<meta property="og:image" content="https://www.montpellier2028.eu/wp-content/uploads/2025/05/Superbemarche-Ipeicc12-e1749651650754.jpg" />
	<meta property="og:image:width" content="1512" />
	<meta property="og:image:height" content="887" />
	<meta property="og:image:type" content="image/jpeg" />
<meta name="twitter:card" content="summary_large_image" />
<meta name="twitter:site" content="@mtp2028" />
<meta name="twitter:label1" content="Est. reading time" />
	<meta name="twitter:data1" content="1 minute" />
<script type="application/ld+json" class="yoast-schema-graph">{"@context":"https://schema.org","@graph":[{"@type":"WebPage","@id":"https://www.montpellier2028.eu/en/projets/le-fil-de-leau/","url":"https://www.montpellier2028.eu/en/projets/le-fil-de-leau/","name":"Le fil de l’eau - Montpellier 2028","isPartOf":{"@id":"https://www.montpellier2028.eu/en/#website"},"primaryImageOfPage":{"@id":"https://www.montpellier2028.eu/en/projets/le-fil-de-leau/#primaryimage"},"image":{"@id":"https://www.montpellier2028.eu/en/projets/le-fil-de-leau/#primaryimage"},"thumbnailUrl":"https://www.montpellier2028.eu/wp-content/uploads/2025/05/Superbemarche-Ipeicc12-e1749651650754.jpg","datePublished":"2025-05-30T15:29:28+00:00","dateModified":"2025-07-04T14:21:35+00:00","breadcrumb":{"@id":"https://www.montpellier2028.eu/en/projets/le-fil-de-leau/#breadcrumb"},"inLanguage":"en-US","potentialAction":[{"@type":"ReadAction","target":["https://www.montpellier2028.eu/en/projets/le-fil-de-leau/"]}]},{"@type":"ImageObject","inLanguage":"en-US","@id":"https://www.montpellier2028.eu/en/projets/le-fil-de-leau/#primaryimage","url":"https://www.montpellier2028.eu/wp-content/uploads/2025/05/Superbemarche-Ipeicc12-e1749651650754.jpg","contentUrl":"https://www.montpellier2028.eu/wp-content/uploads/2025/05/Superbemarche-Ipeicc12-e1749651650754.jpg","width":1512,"height":887},{"@type":"BreadcrumbList","@id":"https://www.montpellier2028.eu/en/projets/le-fil-de-leau/#breadcrumb","itemListElement":[{"@type":"ListItem","position":1,"name":"Home","item":"https://www.montpellier2028.eu/en/"},{"@type":"ListItem","position":2,"name":"Projets","item":"https://www.montpellier2028.eu/en/projects/"},{"@type":"ListItem","position":3,"name":"Le fil de l’eau"}]},{"@type":"WebSite","@id":"https://www.montpellier2028.eu/en/#website","url":"https://www.montpellier2028.eu/en/","name":"Montpellier 2028","description":"Construisons ensemble!","publisher":{"@id":"https://www.montpellier2028.eu/en/#organization"},"potentialAction":[{"@type":"SearchAction","target":{"@type":"EntryPoint","urlTemplate":"https://www.montpellier2028.eu/en/?s={search_term_string}"},"query-input":{"@type":"PropertyValueSpecification","valueRequired":true,"valueName":"search_term_string"}}],"inLanguage":"en-US"},{"@type":"Organization","@id":"https://www.montpellier2028.eu/en/#organization","name":"Montpellier 2028","url":"https://www.montpellier2028.eu/en/","logo":{"@type":"ImageObject","inLanguage":"en-US","@id":"https://www.montpellier2028.eu/en/#/schema/logo/image/","url":"https://www.montpellier2028.eu/wp-content/uploads/2022/09/cropped-small-logo-lg.png","contentUrl":"https://www.montpellier2028.eu/wp-content/uploads/2022/09/cropped-small-logo-lg.png","width":512,"height":512,"caption":"Montpellier 2028"},"image":{"@id":"https://www.montpellier2028.eu/en/#/schema/logo/image/"},"sameAs":["https://www.facebook.com/montpellier2028","https://x.com/mtp2028","https://www.instagram.com/montpellier2028/","https://www.linkedin.com/showcase/montpellier2028/about/"]}]}</script>
<!-- / Yoast SEO plugin. -->

&#8220;Le fil de l&#8217;eau&#8221; est un parcours de médiation pour et par des jeunes de 15 à 25 ans, spectateurs [&hellip;]
